{"id":9637,"date":"2025-08-22T12:39:07","date_gmt":"2025-08-22T15:39:07","guid":{"rendered":"https:\/\/agricultura.sp.gov.br\/segurancaalimentar\/?page_id=9637"},"modified":"2026-03-09T11:16:04","modified_gmt":"2026-03-09T14:16:04","slug":"comissoes-regionais-de-seguranca-alimentar-e-nutricional-sustentavel-crsans","status":"publish","type":"page","link":"https:\/\/agricultura.sp.gov.br\/segurancaalimentar\/comissoes-regionais-de-seguranca-alimentar-e-nutricional-sustentavel-crsans\/","title":{"rendered":"Comiss\u00f5es Regionais de Seguran\u00e7a Alimentar e Nutricional Sustent\u00e1vel &#8211; CRSANS"},"content":{"rendered":"\n<figure class=\"wp-block-image size-large\"><img loading=\"lazy\" decoding=\"async\" width=\"1024\" height=\"676\" src=\"https:\/\/storage.googleapis.com\/saa-repositorio\/hml\/saa-sites\/cosali\/imagens\/CRSANSpg-1024x676.png\" alt=\"\" class=\"wp-image-9638\"\/><\/figure>\n\n\n\n<hr class=\"wp-block-separator has-text-color has-white-color has-alpha-channel-opacity has-white-background-color has-background\"\/>\n\n\n\n<p>A CRSANS \u00e9 um \u00f3rg\u00e3o com representa\u00e7\u00e3o governamental e de organiza\u00e7\u00f5es da sociedade civil que possuam atividades relacionadas \u00e1 Seguran\u00e7a Alimentar e Nutricional Sustent\u00e1vel, desenvolvendo suas atividades em conson\u00e2ncia com os objetivos do CONSEA\/SP.<\/p>\n\n\n\n<p>Cada CRSANS \u00e9 formada por membros da Sociedade Civil e do Poder Publico escolhidos atrav\u00e9s de processo eleitoral, respeitando-se a proporcionalidade de 2\/3 SC e 1\/3 PP. S\u00e3o escolhidos, dentre os membros eleitos da Sociedade Civil de cada CRSANS, o Conselheiro Titular e o Suplente. Essa comiss\u00e3o tem um mandato de 2 anos.<\/p>\n\n\n\n<p>Em abril de 2013, com a edi\u00e7\u00e3o do novo decreto de reorganiza\u00e7\u00e3o, foram criadas 16 CRSANS, com o objetivo de descentralizar a discuss\u00e3o sobre Seguran\u00e7a Alimentar e Nutricional para melhor conhecimento da realidade regional, a fim de elaborar propostas de forma participativa e respeitando a peculiaridade local.<\/p>\n\n\n\n<hr class=\"wp-block-separator has-text-color has-white-color has-alpha-channel-opacity has-white-background-color has-background\"\/>\n\n\n\n<h2 class=\"wp-block-heading\">Atribui\u00e7\u00f5es<\/h2>\n\n\n\n<p>S\u00e3o atribui\u00e7\u00f5es das Comiss\u00f5es Regionais de Seguran\u00e7a Alimentar Sustent\u00e1vel:<\/p>\n\n\n\n<ol class=\"wp-block-list\">\n<li>compilar diagn\u00f3stico da Inseguran\u00e7a Alimentar e Nutricional da regi\u00e3o, a fim de subsidiar a\u00e7\u00f5es estaduais de SAN;<\/li>\n\n\n\n<li>acompanhar a\u00e7\u00f5es e eventos de SAN em sua regi\u00e3o;<\/li>\n\n\n\n<li>fornecer ao Consea\/SP todos os dados e informa\u00e7\u00f5es a que tenha acesso ou que estejam em sua \u00e1rea de compet\u00eancia;<\/li>\n\n\n\n<li>auxiliar o Consea\/SP quando da cria\u00e7\u00e3o dos conselhos municipais;<\/li>\n\n\n\n<li>estimular a articula\u00e7\u00e3o e o interc\u00e2mbio entre os conselhos municipais;<\/li>\n\n\n\n<li>apoiar, articular e organizar em regime de colabora\u00e7\u00e3o com o Consea\/SP a confer\u00eancia regional de SAN;<\/li>\n\n\n\n<li>propor a\u00e7\u00f5es e medidas relativas \u00e0 educa\u00e7\u00e3o alimentar e nutricional, em \u00e2mbito regional, propiciando orienta\u00e7\u00e3o sobre qualidade nutricional, h\u00e1bitos alimentares e estilo de vida saud\u00e1vel;<\/li>\n\n\n\n<li>convocar e coordenar as reuni\u00f5es de sua comiss\u00e3o regional;<\/li>\n\n\n\n<li>acompanhar a implementa\u00e7\u00e3o das propostas constantes das atas das reuni\u00f5es da comiss\u00e3o regional, bem como das demandas solicitadas pelo Consea\/SP no \u00e2mbito de sua regi\u00e3o;<\/li>\n\n\n\n<li>participar das atividades promovidas pelo Consea\/SP;<\/li>\n\n\n\n<li>auxiliar o Consea\/SP na consecu\u00e7\u00e3o de seus objetivos;<\/li>\n\n\n\n<li>exercer a\u00e7\u00f5es de sua compet\u00eancia ou outras designadas pelo Consea\/SP.<\/li>\n<\/ol>\n\n\n\n<hr class=\"wp-block-separator has-text-color has-white-color has-alpha-channel-opacity has-white-background-color has-background\"\/>\n\n\n\n<h3 class=\"wp-block-heading\">Divis\u00e3o das CRSANS<\/h3>\n\n\n\n<details class=\"wp-block-details is-layout-flow wp-block-details-is-layout-flow\"><summary><strong>Ara\u00e7atuba (43 munic\u00edpios)<\/strong><\/summary>\n<p>Alto Alegre, Andradina,&nbsp;<strong>Ara\u00e7atuba \u2013 ERP<\/strong>, Auriflama, Avanhandava, Barbosa, Bento de Abreu, Bilac, Birig\u00fci, Bra\u00fana, Brejo Alegre, Buritama, Castilho, Clementina, Coroados, Gabriel Monteiro, Gast\u00e3o Vidigal, General Salgado, Glic\u00e9rio, Guara\u00e7a\u00ed, Guararapes, Guzol\u00e2ndia, Ilha Solteira, Itapura, Lav\u00ednia, Lourdes, Luizi\u00e2nia, Mirand\u00f3polis, Murutinga do Sul, Nova Castilho, Nova Independ\u00eancia, Nova Luzit\u00e2nia, Pen\u00e1polis, Pereira Barreto, Piacatu, Rubi\u00e1cea, Santo Ant\u00f4nio do Arancagu\u00e1, Sant\u00f3polis do Aguapei, S\u00e3o Jo\u00e3o de Iracema, Sud Mennucci, Suzan\u00e1polis, Turi\u00faba, Valpara\u00edso.<\/p>\n<\/details>\n\n\n\n<details class=\"wp-block-details is-layout-flow wp-block-details-is-layout-flow\"><summary><strong>Baixada Santista (9 munic\u00edpios)<\/strong><\/summary>\n<p>Bertioga, Cubat\u00e3o, Guaruj\u00e1, Itanha\u00e9m, Mongagu\u00e1, Peru\u00edbe, Praia Grande,&nbsp;<strong>Santos \u2013 ERP<\/strong>, S\u00e3o Vicente.<\/p>\n<\/details>\n\n\n\n<details class=\"wp-block-details is-layout-flow wp-block-details-is-layout-flow\"><summary><strong>Barretos (19 munic\u00edpios)<\/strong><\/summary>\n<p>Altair,&nbsp;<strong>Barretos \u2013 ERP<\/strong>, Bebedouro, Cajobi, Colina, Col\u00f4mbia, Emba\u00faba, Gua\u00edra, Guaraci, Jaborandi, Monte Azul Paulista, Ol\u00edmpia, Pirangi, Sever\u00ednia, Taia\u00e7u, Tai\u00fava, Terra Roxa, Viradouro, Vista Alegre do Alto.<\/p>\n<\/details>\n\n\n\n<details class=\"wp-block-details is-layout-flow wp-block-details-is-layout-flow\"><summary><strong>Bauru (39 munic\u00edpios)<\/strong><\/summary>\n<p>Agudos, Arealva, Ava\u00ed, Balbinos, Bariri, Barra Bonita,&nbsp;<strong>Bauru \u2013 ERP<\/strong>, Bocaina, Borac\u00e9ia, Barebi, Cabr\u00e1lia Paulista, Cafel\u00e2ndia, Dois C\u00f3rregos, Duartina, Getulina, Guai\u00e7ara, Guaimb\u00ea, Guarant\u00e3, Iacanga, Igara\u00e7u do Ti\u00eate, Itaju, Itapu\u00ed, Ja\u00fa, Len\u00e7\u00f3is Paulista, Lins, Lucian\u00f3polis, Macatuba, Mineiros do Ti\u00eate, Paulist\u00e2nia, Pederneiras, Piraju\u00ed, Piratininga, Ponga\u00ed, Presidente Alves, Promiss\u00e3o, Regin\u00f3polis, Sabino, Ubirajara, Uru.<\/p>\n<\/details>\n\n\n\n<details class=\"wp-block-details is-layout-flow wp-block-details-is-layout-flow\"><summary><strong>Campinas (90 munic\u00edpios)<\/strong><\/summary>\n<p>Agua\u00ed, \u00c1gua da Prata, \u00c1guas de Lind\u00f3ia, \u00c1guas de S\u00e3o Pedro, Americana, Amparo, Anal\u00e2ndia, Araras, Artur Nogueira, Atibaia, Bom Jesus dos Perd\u00f5es, Bragan\u00e7a Paulista, Brotas, Cabre\u00fava, Caconde,&nbsp;<strong>Campinas \u2013 ERP<\/strong>, Campo Limpo Paulista, Capivari, Casa Branca, Charqueada, Conchal, Cordeir\u00f3polis, Corumbata\u00ed, Cosm\u00f3polis, Divinol\u00e2ndia, Elias Fausto, Engenheiro Coelho, Esp\u00edrito Santo do Pinhal, Estiva Gerbi, Holambra, Hortol\u00e2ndia, Indaiatuba, Ipe\u00fana, Iracem\u00e1polis, Itapira, Itatiba, Itirapina, Itobi, Itupeva, Jaguari\u00fana, Jarinu, Joan\u00f3polis, Jundia\u00ed, Leme, Limeira , Lind\u00f3ia, Louveira, Mococa, Mogi Gua\u00e7u, Moji Mirim, Mombuca, Monte Alegre do Sul, Monte Mor, Morungaba, Nazar\u00e9 Paulista, Nova Odessa, Paul\u00ednia, Pedra Bela, Pedreira, Pinhalzinho, Piracaia, Piracicaba, Pirassununga, Rafard, Rio Claro, Rio das Pedras, Saltinho, Santa Barbara d&#8217;Oeste, Santa Cruz da Concei\u00e7\u00e3o, Santa Cruz das Palmeiras, Santa Gertrudes, Santa Maria da Serra, Santo Antonio de Posse, Santo Antonio do Jardim, S\u00e3o Jo\u00e3o da Boa Vista, S\u00e3o Jo\u00e3o do Rio Pardo, S\u00e3o Pedro, S\u00e3o Sebasti\u00e3o da Grama, Serra Negra, Socorro, Sumar\u00e9, Tamba\u00fa, Tapiratiba, Torrinha, Tuiuti, Valinhos, Vargem, Vargem Grande do Sul, V\u00e1rzea Paulista, Vinhedo.<\/p>\n<\/details>\n\n\n\n<details class=\"wp-block-details is-layout-flow wp-block-details-is-layout-flow\"><summary><strong>Capital (1 munic\u00edpio)<\/strong><\/summary>\n<p><strong>S\u00e3o Paulo &#8211; ERP<\/strong><\/p>\n<\/details>\n\n\n\n<details class=\"wp-block-details is-layout-flow wp-block-details-is-layout-flow\"><summary><strong>Central (26 munic\u00edpios)<\/strong><\/summary>\n<p>Am\u00e9rico Brasiliense, Araraquara, Boa Esperan\u00e7a do Sul, Borborema, C\u00e2ndido Rodrigues, Descalvado, Dobrada, Dourado, Fernando Prestes, Gavi\u00e3o Peixoto, Ibat\u00e9, Ibitinga, It\u00e1polis, Mat\u00e3o, Motuca, Nova Europa, Porto Ferreira, Ribeir\u00e3o Bonito, Rinc\u00e3o, Santa Enerstina, Santa L\u00facia, Santa Rita do Passa Quatro,&nbsp;<strong>S\u00e3o Carlos \u2013 ERP<\/strong>, Tabatinga, Taquaritinga, Trabiju.<\/p>\n<\/details>\n\n\n\n<details class=\"wp-block-details is-layout-flow wp-block-details-is-layout-flow\"><summary><strong>Franca (23 munic\u00edpios)<\/strong><\/summary>\n<p>Aramina, Batatais, Buritizal, Cristais Paulista,&nbsp;<strong>Franca \u2013 ERP<\/strong>, Guar\u00e1, Igarapava, Ipu\u00e3, Itirapu\u00e3, Ituverava, Jeriquara, Miguel\u00f3polis, Morro Agudo, Nuporanga, Orl\u00e2ndia, Patroc\u00ednio Paulista, Pedregulho, Restinga, Ribeir\u00e3o Corrente, Rifaina, Sales Oliveira, S\u00e3o Joaquim da Barra, S\u00e3o Jos\u00e9 da Bela Vista.<\/p>\n<\/details>\n\n\n\n<details class=\"wp-block-details is-layout-flow wp-block-details-is-layout-flow\"><summary><strong>Grande S\u00e3o Paulo (38 munic\u00edpios)<\/strong><\/summary>\n<p>Aruj\u00e1, Barueri, Biritiba Mirim, Caieiras, Cajamar, Carapicu\u00edba, Cotia, Diadema, Embu, Embu-Gua\u00e7u, Ferraz de Vasconcelos, Francisco Morato, Franco da Rocha, Guararema, Guarulhos, Itapecerica da Serra, Itapevi, Itaquaquecetuba, Jandira, Juquitiba, Mairipor\u00e3, Mau\u00e1, Mogi das Cruzes, Osasco, Pirapora do Bom Jesus, Po\u00e1, Ribeir\u00e3o Pires, Rio Grande da Serra, Sales\u00f3polis, Santa Isabel, Santana de Parna\u00edba, Santo Andr\u00e9, S\u00e3o Bernardo do Campo, <strong>S\u00e3o Caetano do Sul &#8211; ERP<\/strong>, S\u00e3o Louren\u00e7o da Serra, Suzano, Tabo\u00e3o da Serra, Vargem Grande Paulista<\/p>\n<\/details>\n\n\n\n<details class=\"wp-block-details is-layout-flow wp-block-details-is-layout-flow\"><summary><strong>Mar\u00edlia (51 munic\u00edpios)<\/strong><\/summary>\n<p>\u00c1lvaro de Carvalho, Alvinl\u00e2ndia, Arco-\u00cdris, Assis, Bastos, Bernardino de Campos, Bor\u00e1, Campos Novos Paulistas, C\u00e2ndido Mota, Canitar, Chavantes, Cruz\u00e1lia, Echapor\u00e3, Esp\u00edrito Santo do Turvo, Fern\u00e3o, Flor\u00ednia, G\u00e1lia, Gar\u00e7a, Hercul\u00e2ndia, Iacri, Ibiracema, Ipaussu, Jo\u00e3o Ramalho, J\u00falio Mesquita, Lup\u00e9rcio, Lut\u00e9cia, Maraca\u00ed,&nbsp;<strong>Mar\u00edlia \u2013 ERP<\/strong>, Ocau\u00e7u, \u00d3leo, Oriente, Oscar Brenasse, Ourinhos, Palmital, Paragua\u00e7u Paulista, Parapu\u00e3, Pedrinhas Paulista, Platina, Pomp\u00e9ia, Quat\u00e1, Queiroz, Quintana, Ribeir\u00e3o do Sul, Rin\u00f3polis, Salto Grande, Santa Cruz do Rio Pardo, S\u00e3o Pedro do Turvo, Tarum\u00e3, Timburi, Tup\u00e3, Vera Cruz.<\/p>\n<\/details>\n\n\n\n<details class=\"wp-block-details is-layout-flow wp-block-details-is-layout-flow\"><summary><strong>Presidente Prudente (53 munic\u00edpios)<\/strong><\/summary>\n<p>Adamantina, Alfredo Marcondes, \u00c1lvares Machado, Anhumas, Caiabu, Caiu\u00e1, Dracena, Emilian\u00f3polis, Estrela do Norte, Euclides da Cunha Paulista, Flora Rica, Fl\u00f3rida Paulista, Iep\u00ea, Indiana, In\u00fabia Paulista, Irapuru, Junqueir\u00f3polis, Luc\u00e9lia, Marab\u00e1 Paulista, Mari\u00e1polis, Martin\u00f3polis, Mirante do Paranapanema, Monte Castelo, Nantes, Narandiba, Nova Guataporanga, Osvaldo Cruz, Ouro Verde, Pacaembu, Panorama, Paulic\u00e9ia, Piquerobi, Pirapozinho, Pracinha, Presidente Bernardes, Presidente Epit\u00e1cio, Presidente Prudente \u2013 ERP, Presidente Venceslau, Rancharia, Regente Feij\u00f3, Ribeir\u00e3o dos \u00cdndios, Rosana, Sagres, Salmour\u00e3o, Sandovalina, Santa Mercedes, Santo Anast\u00e1cio, Santo Expedito, S\u00e3o Jo\u00e3o do Pau d&#8221;Alho, Taciba, Taraba\u00ed, Teodoro Sampaio, Tupi Paulista.<\/p>\n<\/details>\n\n\n\n<details class=\"wp-block-details is-layout-flow wp-block-details-is-layout-flow\"><summary><strong>Registro (14 munic\u00edpios)<\/strong><\/summary>\n<p>Barra do Turvo, Cajati, Canan\u00e9ia, Eldorado, Iguape, Ilha Comprida, Itariri, Jacupiranga, Juqui\u00e1, Miracatu,&nbsp;<strong>Pariquera A\u00e7u \u2013 ERP<\/strong>, Pedro de Toledo, Registro, Sete Barras.<\/p>\n<\/details>\n\n\n\n<details class=\"wp-block-details is-layout-flow wp-block-details-is-layout-flow\"><summary><strong>Ribeir\u00e3o Preto (25 munic\u00edpios)<\/strong><\/summary>\n<p>Altin\u00f3polis, Barrinha, Brodowski, Cajuru, C\u00e1ssia dos Coqueiros, Cravinhos, Dumont, Guariba, Guatapar\u00e1, Jaboticabal, Jardin\u00f3polis, Luis Ant\u00f4nio, Monte Alto, Pitangueiras, Pontal, Prad\u00f3polis,&nbsp;<strong>Ribeir\u00e3o Preto \u2013 ERP<\/strong>, Santa Cruz da Esperan\u00e7a, Santa Rosa do Viterbo, Santo Antonio da Alegria, S\u00e3o Sim\u00e3o, Serra Azul, Serrana, Sert\u00e3ozinho, Taquaral.<\/p>\n<\/details>\n\n\n\n<details class=\"wp-block-details is-layout-flow wp-block-details-is-layout-flow\"><summary><strong>S\u00e3o Jos\u00e9 do Rio Preto (96 munic\u00edpios)<\/strong><\/summary>\n<p>Adolfo, \u00c1lvares Florence, Am\u00e9rico de Campos, Aparecida d&#8221;Oeste, Ariranha, Asp\u00e1sia, Bady Bassitt, B\u00e1lsamo, Cardoso, Catanduva, Catigu\u00e1, Cedral, Cosmorama, Dirce Reis, Dolcin\u00f3polis, Elisi\u00e1rio, Estrela d&#8221;Oeste, Fernand\u00f3polis, Floreal, Guapia\u00e7u, Guarani d&#8221;Oeste, Ibir\u00e1, Ic\u00e9m, Indiapor\u00e3, Ipigu\u00e1, Irapu\u00e3, Itajobi, Jaci, Jales, Jos\u00e9 Bonif\u00e1cio, Macaubal, Maced\u00f4nia, Magda, Marapoama, Marin\u00f3polis, Mendon\u00e7a, Meridiano, Mes\u00f3polis, Mira Estrela, Mirassol, Mirassol\u00e2ndia, Mon\u00e7\u00f5es, Monte Apraz\u00edvel, Neves Paulista, Nhandeara, Nipo\u00e3, Nova Alian\u00e7a, Nova Cana\u00e3 Paulista, Nova Granada, Novais, Novo Horizonte, Onda Verde, Orindi\u00fava, Ouroeste, Palestina, Palmares Paulista, Palmeira d&#8221;Oeste, Para\u00edso, Paranapu\u00e3, Parisi, Paulo de Faria, Pedran\u00f3polis, Pindorama, Planalto, Poloni, Pontalinda, Pontes Gestal, Populina, Potirendaba, Riol\u00e2ndia, Rubin\u00e9ia, Sales, Santa Ad\u00e9lia, Santa Albertina, Santa Clara d&#8221;Oeste, Santa F\u00e9 do Sul, Santa Rita d&#8221;Oeste, Santa Salete, Santana da Ponte Pensa, S\u00e3o Francisco, S\u00e3o Jo\u00e3o das Duas Pontes, S\u00e3o Jos\u00e9 do Rio Preto \u2013 ERP, Sebastian\u00f3polis do Sul, Tabapu\u00e3, Tanabi, Tr\u00eas Fronteiras, Turmalina, Ubarana, Uch\u00f4a, Uni\u00e3o Paulista, Ur\u00e2nia, Urup\u00eas, Valentim Gentil, Vit\u00f3ria Brasil, Votuporanga, Zacarias.<\/p>\n<\/details>\n\n\n\n<details class=\"wp-block-details is-layout-flow wp-block-details-is-layout-flow\"><summary><strong>S\u00e3o Jos\u00e9 dos Campos (39 munic\u00edpios)<\/strong><\/summary>\n<p>Aparecida, Arape\u00ed, Areias, Bananal, Ca\u00e7apava, Cachoeira Paulista, Campos do Jord\u00e3o, Canas, Caraguatatuba, Cruzeiro, Cunha, Guaratinguet\u00e1, Igarat\u00e1, Ilhabela, Jacare\u00ed, Jambeiro, Lagoinha, Lavrinhas, Lorena, Monteiro Lobato, Natividade da Serra, Paraibuna, Pindamonhangaba, Piquete, Potim, Queluz, Reden\u00e7\u00e3o da Serra, Roseira, Santa Branca, Santo Antonio do Pinhal, S\u00e3o Bento do Sapuca\u00ed, S\u00e3o Jos\u00e9 do Barreiro, <strong>S\u00e3o Jos\u00e9 dos Campos &#8211; ERP<\/strong>, S\u00e3o Lu\u00eds do Paraitinga, S\u00e3o Sebasti\u00e3o, Silveiras, Taubat\u00e9, Trememb\u00e9, Ubatuba.<\/p>\n<\/details>\n\n\n\n<details class=\"wp-block-details is-layout-flow wp-block-details-is-layout-flow\"><summary><strong>Sorocaba (79 munic\u00edpios)<\/strong><\/summary>\n<p>\u00c1guas de Santa B\u00e1rbara, Alambari, Alum\u00ednio, Angatuba, Anhembi, Apiai, Ara\u00e7ariguama, Ara\u00e7oiaba da Serra, Arandu, Arei\u00f3polis, Avar\u00e9, Bar\u00e3o de Antonina, Barra do Chap\u00e9u, Bofete, Boituva, Bom Sucesso de Itarar\u00e9, Botucatu, Buri, Campina do Monte Alegre, Cap\u00e3o Bonito, Capela doAlto, Cerqueira C\u00e9sar, Cerquilho, Ces\u00e1rio Lange, Conchas, Coronel Macedo, Fartura, Guapiara, Guare\u00ed, Iaras, Ibi\u00fana, Iper\u00f3, Iporanga, Itaber\u00e1, Ita\u00ed, Ita\u00f3ca, Itapetininga, Itapeva, Itapirapu\u00e3 Paulista, Itaporanga, Itarar\u00e9,Itatinga, Itu, Jumirim, Laranjal Paulista, Mairinque, Manduri, Nova Campina, Paranapanema, Pardinho, Pereiras, Piedade, Pilar do Sul, Piraju, Porangaba, Porto Feliz, Prat\u00e2nia, Quadra, Ribeira, Ribeir\u00e3o Branco, Ribeir\u00e3o Grande, Riversul, Salto, Salto de Pirapora, S\u00e3o Manuel, S\u00e3o Miguel Arcanjo, S\u00e3o Roque, Sarapu\u00ed, Sarutai\u00e1, <strong>Sorocaba &#8211; ERP<\/strong>, Taqual, Tapiral, Taquarituba, Taquariva\u00ed, Tatu\u00ed, Tejup\u00e1,Tiet\u00ea, Torre de Pedra, Votor\u00e2ntim<\/p>\n<\/details>\n\n\n\n<p><\/p>\n","protected":false},"excerpt":{"rendered":"<p>A CRSANS \u00e9 um \u00f3rg\u00e3o com representa\u00e7\u00e3o governamental e de organiza\u00e7\u00f5es da sociedade civil que possuam atividades relacionadas \u00e1 Seguran\u00e7a Alimentar e Nutricional Sustent\u00e1vel, desenvolvendo suas atividades em conson\u00e2ncia com os objetivos do CONSEA\/SP. Cada CRSANS \u00e9 formada por membros da Sociedade Civil e do Poder Publico escolhidos atrav\u00e9s de processo eleitoral, respeitando-se a proporcionalidade [&hellip;]<\/p>\n","protected":false},"author":16,"featured_media":0,"parent":0,"menu_order":0,"comment_status":"closed","ping_status":"closed","template":"","meta":{"_acf_changed":false,"footnotes":""},"class_list":["post-9637","page","type-page","status-publish","hentry"],"acf":[],"_links":{"self":[{"href":"https:\/\/agricultura.sp.gov.br\/segurancaalimentar\/wp-json\/wp\/v2\/pages\/9637","targetHints":{"allow":["GET"]}}],"collection":[{"href":"https:\/\/agricultura.sp.gov.br\/segurancaalimentar\/wp-json\/wp\/v2\/pages"}],"about":[{"href":"https:\/\/agricultura.sp.gov.br\/segurancaalimentar\/wp-json\/wp\/v2\/types\/page"}],"author":[{"embeddable":true,"href":"https:\/\/agricultura.sp.gov.br\/segurancaalimentar\/wp-json\/wp\/v2\/users\/16"}],"replies":[{"embeddable":true,"href":"https:\/\/agricultura.sp.gov.br\/segurancaalimentar\/wp-json\/wp\/v2\/comments?post=9637"}],"version-history":[{"count":4,"href":"https:\/\/agricultura.sp.gov.br\/segurancaalimentar\/wp-json\/wp\/v2\/pages\/9637\/revisions"}],"predecessor-version":[{"id":10239,"href":"https:\/\/agricultura.sp.gov.br\/segurancaalimentar\/wp-json\/wp\/v2\/pages\/9637\/revisions\/10239"}],"wp:attachment":[{"href":"https:\/\/agricultura.sp.gov.br\/segurancaalimentar\/wp-json\/wp\/v2\/media?parent=9637"}],"curies":[{"name":"wp","href":"https:\/\/api.w.org\/{rel}","templated":true}]}}