{"id":7837,"date":"2025-02-19T11:23:04","date_gmt":"2025-02-19T14:23:04","guid":{"rendered":"https:\/\/homologacao.agricultura.sp.gov.br\/?page_id=7837"},"modified":"2025-08-08T16:50:27","modified_gmt":"2025-08-08T19:50:27","slug":"decretos","status":"publish","type":"page","link":"https:\/\/agricultura.sp.gov.br\/segurancaalimentar\/decretos\/","title":{"rendered":"Decretos"},"content":{"rendered":"\n<p>Os conv\u00eanios assinados com os munic\u00edpios atender\u00e3o ao decreto <strong>n\u00ba 50.807<\/strong> de 18\/05\/2006 , alterado pelo decreto <strong>n\u00ba 68.822<\/strong> de 04\/09\/2024, \u00e0 resolu\u00e7\u00e3o <strong>n\u00ba 25<\/strong> de 26\/03\/2024 e \u00e0 portaria SASA <strong>n\u00ba 01<\/strong> de 23\/04\/2024<\/p>\n\n\n\n<p><\/p>\n","protected":false},"excerpt":{"rendered":"<p>Os conv\u00eanios assinados com os munic\u00edpios atender\u00e3o ao decreto n\u00ba 50.807 de 18\/05\/2006 , alterado pelo decreto n\u00ba 68.822 de 04\/09\/2024, \u00e0 resolu\u00e7\u00e3o n\u00ba 25 de 26\/03\/2024 e \u00e0 portaria SASA n\u00ba 01 de 23\/04\/2024<\/p>\n","protected":false},"author":1,"featured_media":0,"parent":0,"menu_order":0,"comment_status":"closed","ping_status":"closed","template":"template-decretos.php","meta":{"_acf_changed":false,"footnotes":""},"class_list":["post-7837","page","type-page","status-publish","hentry"],"acf":[],"_links":{"self":[{"href":"https:\/\/agricultura.sp.gov.br\/segurancaalimentar\/wp-json\/wp\/v2\/pages\/7837","targetHints":{"allow":["GET"]}}],"collection":[{"href":"https:\/\/agricultura.sp.gov.br\/segurancaalimentar\/wp-json\/wp\/v2\/pages"}],"about":[{"href":"https:\/\/agricultura.sp.gov.br\/segurancaalimentar\/wp-json\/wp\/v2\/types\/page"}],"author":[{"embeddable":true,"href":"https:\/\/agricultura.sp.gov.br\/segurancaalimentar\/wp-json\/wp\/v2\/users\/1"}],"replies":[{"embeddable":true,"href":"https:\/\/agricultura.sp.gov.br\/segurancaalimentar\/wp-json\/wp\/v2\/comments?post=7837"}],"version-history":[{"count":2,"href":"https:\/\/agricultura.sp.gov.br\/segurancaalimentar\/wp-json\/wp\/v2\/pages\/7837\/revisions"}],"predecessor-version":[{"id":9477,"href":"https:\/\/agricultura.sp.gov.br\/segurancaalimentar\/wp-json\/wp\/v2\/pages\/7837\/revisions\/9477"}],"wp:attachment":[{"href":"https:\/\/agricultura.sp.gov.br\/segurancaalimentar\/wp-json\/wp\/v2\/media?parent=7837"}],"curies":[{"name":"wp","href":"https:\/\/api.w.org\/{rel}","templated":true}]}}