{"id":10367,"date":"2026-03-12T15:59:06","date_gmt":"2026-03-12T18:59:06","guid":{"rendered":"https:\/\/agricultura.sp.gov.br\/segurancaalimentar\/?page_id=10367"},"modified":"2026-03-12T15:59:06","modified_gmt":"2026-03-12T18:59:06","slug":"v-conferencia-estadual-san","status":"publish","type":"page","link":"https:\/\/agricultura.sp.gov.br\/segurancaalimentar\/v-conferencia-estadual-san\/","title":{"rendered":"V Confer\u00eancia Estadual SAN"},"content":{"rendered":"\n<p><strong>Ano: 2015<\/strong><\/p>\n\n\n\n<p>A V Confer\u00eancia Estadual de Seguran\u00e7a Alimentar e Nutricional foi realizada como parte do processo de participa\u00e7\u00e3o social voltado \u00e0 formula\u00e7\u00e3o e avalia\u00e7\u00e3o das pol\u00edticas p\u00fablicas de seguran\u00e7a alimentar no Estado de S\u00e3o Paulo.<\/p>\n\n\n\n<p>Durante o encontro foram debatidas estrat\u00e9gias para fortalecer o sistema de seguran\u00e7a alimentar e nutricional, ampliar o acesso da popula\u00e7\u00e3o \u00e0 alimenta\u00e7\u00e3o adequada e promover o desenvolvimento sustent\u00e1vel das pol\u00edticas de abastecimento e produ\u00e7\u00e3o de alimentos.<\/p>\n\n\n\n<p>Nesta p\u00e1gina est\u00e3o reunidos os documentos e materiais produzidos no \u00e2mbito da V Confer\u00eancia Estadual de Seguran\u00e7a Alimentar e Nutricional.<\/p>\n\n\n\n<h3 class=\"wp-block-heading\">Documentos da Confer\u00eancia<\/h3>\n\n\n\n<ul class=\"wp-block-list\">\n<li>Regulamento da confer\u00eancia<\/li>\n\n\n\n<li>Programa\u00e7\u00e3o do evento<\/li>\n\n\n\n<li>Relat\u00f3rio final<\/li>\n\n\n\n<li>Propostas aprovadas<\/li>\n\n\n\n<li>Materiais de apoio<\/li>\n<\/ul>\n","protected":false},"excerpt":{"rendered":"<p>Ano: 2015 A V Confer\u00eancia Estadual de Seguran\u00e7a Alimentar e Nutricional foi realizada como parte do processo de participa\u00e7\u00e3o social voltado \u00e0 formula\u00e7\u00e3o e avalia\u00e7\u00e3o das pol\u00edticas p\u00fablicas de seguran\u00e7a alimentar no Estado de S\u00e3o Paulo. Durante o encontro foram debatidas estrat\u00e9gias para fortalecer o sistema de seguran\u00e7a alimentar e nutricional, ampliar o acesso da [&hellip;]<\/p>\n","protected":false},"author":16,"featured_media":0,"parent":0,"menu_order":0,"comment_status":"closed","ping_status":"closed","template":"","meta":{"_acf_changed":false,"footnotes":""},"class_list":["post-10367","page","type-page","status-publish","hentry"],"acf":[],"_links":{"self":[{"href":"https:\/\/agricultura.sp.gov.br\/segurancaalimentar\/wp-json\/wp\/v2\/pages\/10367","targetHints":{"allow":["GET"]}}],"collection":[{"href":"https:\/\/agricultura.sp.gov.br\/segurancaalimentar\/wp-json\/wp\/v2\/pages"}],"about":[{"href":"https:\/\/agricultura.sp.gov.br\/segurancaalimentar\/wp-json\/wp\/v2\/types\/page"}],"author":[{"embeddable":true,"href":"https:\/\/agricultura.sp.gov.br\/segurancaalimentar\/wp-json\/wp\/v2\/users\/16"}],"replies":[{"embeddable":true,"href":"https:\/\/agricultura.sp.gov.br\/segurancaalimentar\/wp-json\/wp\/v2\/comments?post=10367"}],"version-history":[{"count":1,"href":"https:\/\/agricultura.sp.gov.br\/segurancaalimentar\/wp-json\/wp\/v2\/pages\/10367\/revisions"}],"predecessor-version":[{"id":10368,"href":"https:\/\/agricultura.sp.gov.br\/segurancaalimentar\/wp-json\/wp\/v2\/pages\/10367\/revisions\/10368"}],"wp:attachment":[{"href":"https:\/\/agricultura.sp.gov.br\/segurancaalimentar\/wp-json\/wp\/v2\/media?parent=10367"}],"curies":[{"name":"wp","href":"https:\/\/api.w.org\/{rel}","templated":true}]}}