{"id":10059,"date":"2025-12-19T11:16:01","date_gmt":"2025-12-19T14:16:01","guid":{"rendered":"https:\/\/agricultura.sp.gov.br\/segurancaalimentar\/?page_id=10059"},"modified":"2026-03-19T12:31:57","modified_gmt":"2026-03-19T15:31:57","slug":"carreta-cozinhalimento","status":"publish","type":"page","link":"https:\/\/agricultura.sp.gov.br\/segurancaalimentar\/carreta-cozinhalimento\/","title":{"rendered":"Carreta Itinerante do Projeto Cozinhalimento"},"content":{"rendered":"<figure class=\"wp-block-post-featured-image\"><img loading=\"lazy\" decoding=\"async\" width=\"2560\" height=\"591\" src=\"https:\/\/storage.googleapis.com\/saa-repositorio\/prd\/saa-sites\/cosali\/imagens\/Banner-inicio-de-pagina-Carreta-Cozinhalimento-scaled-1.png\" class=\"attachment-post-thumbnail size-post-thumbnail wp-post-image\" alt=\"\" style=\"object-fit:cover;\" \/><\/figure>\n\n\n<hr class=\"wp-block-separator has-text-color has-white-color has-alpha-channel-opacity has-white-background-color has-background\"\/>\n\n\n\n<p>A&nbsp;<strong>Carreta do Projeto Cozinhalimento<\/strong>&nbsp;\u00e9 uma unidade m\u00f3vel de capacita\u00e7\u00e3o criada para levar educa\u00e7\u00e3o alimentar, forma\u00e7\u00e3o culin\u00e1ria e a\u00e7\u00f5es de promo\u00e7\u00e3o do direito humano \u00e0 alimenta\u00e7\u00e3o adequada a diferentes regi\u00f5es do Estado de S\u00e3o Paulo. Integrada ao Projeto Cozinhalimento da Diretoria de Seguran\u00e7a Alimentar, a carreta amplia o alcance das a\u00e7\u00f5es de Seguran\u00e7a Alimentar e Nutricional, chegando a munic\u00edpios que n\u00e3o possuem cozinhas fixas instaladas.<\/p>\n\n\n\n<p>A iniciativa tem como prop\u00f3sito oferecer&nbsp;<strong>qualifica\u00e7\u00e3o profissional e orienta\u00e7\u00e3o alimentar<\/strong>&nbsp;por meio de oficinas pr\u00e1ticas, cursos culin\u00e1rios e atividades educativas. A proposta \u00e9 fortalecer a gera\u00e7\u00e3o de renda, incentivar o consumo consciente e reduzir o desperd\u00edcio de alimentos, sempre valorizando ingredientes acess\u00edveis e t\u00e9cnicas que promovem sa\u00fade e sustentabilidade.<\/p>\n\n\n\n<hr class=\"wp-block-separator has-text-color has-white-color has-alpha-channel-opacity has-white-background-color has-background\"\/>\n\n\n\n<div class=\"wp-block-buttons is-layout-flex wp-block-buttons-is-layout-flex\">\n<div class=\"wp-block-button has-custom-width wp-block-button__width-100\"><a class=\"wp-block-button__link wp-element-button\" href=\"https:\/\/agricultura.sp.gov.br\/segurancaalimentar\/agenda\/\">AGENDA<\/a><\/div>\n<\/div>\n\n\n\n<hr class=\"wp-block-separator has-text-color has-white-color has-alpha-channel-opacity has-white-background-color has-background\"\/>\n\n\n\n<p>A carreta \u00e9 deslocada para diferentes munic\u00edpios mediante solicita\u00e7\u00e3o e planejamento t\u00e9cnico. Os cursos s\u00e3o realizados em m\u00f3dulos curtos, com turmas reduzidas para garantir melhor aproveitamento e acompanhamento individualizado dos participantes. A carreta oferece:<\/p>\n\n\n\n<ul class=\"wp-block-list\">\n<li>Cursos e oficinas de culin\u00e1ria voltados \u00e0 forma\u00e7\u00e3o de empreendedores e cozinheiros.<\/li>\n\n\n\n<li>Atividades educativas sobre boas pr\u00e1ticas alimentares, seguran\u00e7a alimentar e aproveitamento integral dos alimentos.<\/li>\n\n\n\n<li>A\u00e7\u00f5es voltadas \u00e0 comunidade, promovendo autonomia, sa\u00fade e inclus\u00e3o produtiva.<\/li>\n\n\n\n<li>Estrutura profissional equipada para demonstra\u00e7\u00f5es, aulas pr\u00e1ticas e capacita\u00e7\u00f5es.<\/li>\n<\/ul>\n\n\n\n<p>Para que um munic\u00edpio seja contemplado pela Carreta do Cozinhalimento, \u00e9 necess\u00e1rio manifestar interesse por meio de&nbsp;<strong>of\u00edcio<\/strong>, enviando para a Secretaria de Agricultura e Abastecimento. Tamb\u00e9m \u00e9 preciso que a Prefeitura ofere\u00e7a uma \u00e1rea adequada com infraestrutura el\u00e9trica, hidr\u00e1ulica e sanit\u00e1ria para receber a carreta ou futuras cozinhas fixas.<\/p>\n\n\n\n<blockquote class=\"wp-block-quote is-layout-flow wp-block-quote-is-layout-flow\">\n<div style=\"max-width: 540px; margin: 0 auto;\">\n  <blockquote \n    class=\"instagram-media\"\n    data-instgrm-permalink=\"https:\/\/www.instagram.com\/reel\/DUJnGHyEdO5\/\"\n    data-instgrm-version=\"14\"\n    style=\"background:#FFF; border:0; margin: 1px; padding:0; width:100%;\">\n  <\/blockquote>\n<\/div>\n\n<script async src=\"https:\/\/www.instagram.com\/embed.js\"><\/script>\n<\/blockquote>\n\n\n\n<p><strong>CONTATO<br>Telefone e WhatsApp<\/strong>:&nbsp;(11) 5067-0350<br><strong>E-mail<\/strong>:&nbsp;cozinhalimento@sp.gov.br<\/p>\n\n\n\n<p><\/p>\n\n\n\n<hr class=\"wp-block-separator has-text-color has-white-color has-alpha-channel-opacity has-white-background-color has-background\"\/>\n\n\n\n<figure class=\"wp-block-gallery has-nested-images columns-default is-cropped wp-block-gallery-1 is-layout-flex wp-block-gallery-is-layout-flex\">\n<figure class=\"wp-block-image size-large\"><img loading=\"lazy\" decoding=\"async\" width=\"1024\" height=\"683\" data-id=\"10435\" src=\"https:\/\/storage.googleapis.com\/saa-repositorio\/prd\/saa-sites\/cosali\/imagens\/Carreta-1-1024x683.jpg\" alt=\"\" class=\"wp-image-10435\"\/><\/figure>\n\n\n\n<figure class=\"wp-block-image size-large\"><img loading=\"lazy\" decoding=\"async\" width=\"1024\" height=\"683\" data-id=\"10437\" src=\"https:\/\/storage.googleapis.com\/saa-repositorio\/prd\/saa-sites\/cosali\/imagens\/Carreta-3-1024x683.jpg\" alt=\"\" class=\"wp-image-10437\"\/><\/figure>\n\n\n\n<figure class=\"wp-block-image size-large\"><img loading=\"lazy\" decoding=\"async\" width=\"1024\" height=\"683\" data-id=\"10436\" src=\"https:\/\/storage.googleapis.com\/saa-repositorio\/prd\/saa-sites\/cosali\/imagens\/Carreta-5-1024x683.jpg\" alt=\"\" class=\"wp-image-10436\"\/><\/figure>\n\n\n\n<figure class=\"wp-block-image size-large\"><img loading=\"lazy\" decoding=\"async\" width=\"1024\" height=\"683\" data-id=\"10442\" src=\"https:\/\/storage.googleapis.com\/saa-repositorio\/prd\/saa-sites\/cosali\/imagens\/54916018787_9d48796332_6k-1024x683.jpg\" alt=\"\" class=\"wp-image-10442\"\/><\/figure>\n\n\n\n<figure class=\"wp-block-image size-large\"><img loading=\"lazy\" decoding=\"async\" width=\"1024\" height=\"683\" data-id=\"10445\" src=\"https:\/\/storage.googleapis.com\/saa-repositorio\/prd\/saa-sites\/cosali\/imagens\/54916018577_20b0938213_6k-1024x683.jpg\" alt=\"\" class=\"wp-image-10445\"\/><\/figure>\n\n\n\n<figure class=\"wp-block-image size-large\"><img loading=\"lazy\" decoding=\"async\" width=\"1024\" height=\"683\" data-id=\"10443\" src=\"https:\/\/storage.googleapis.com\/saa-repositorio\/prd\/saa-sites\/cosali\/imagens\/54916018562_665d9f3f5e_6k-1024x683.jpg\" alt=\"\" class=\"wp-image-10443\"\/><\/figure>\n\n\n\n<figure class=\"wp-block-image size-large\"><img loading=\"lazy\" decoding=\"async\" width=\"1024\" height=\"683\" data-id=\"10447\" src=\"https:\/\/storage.googleapis.com\/saa-repositorio\/prd\/saa-sites\/cosali\/imagens\/54916880326_6629d7ff78_6k-1024x683.jpg\" alt=\"\" class=\"wp-image-10447\"\/><\/figure>\n\n\n\n<figure class=\"wp-block-image size-large\"><img loading=\"lazy\" decoding=\"async\" width=\"1024\" height=\"683\" data-id=\"10450\" src=\"https:\/\/storage.googleapis.com\/saa-repositorio\/prd\/saa-sites\/cosali\/imagens\/54917129859_072b5d7f0d_6k-1024x683.jpg\" alt=\"\" class=\"wp-image-10450\"\/><\/figure>\n\n\n\n<figure class=\"wp-block-image size-large\"><img loading=\"lazy\" decoding=\"async\" width=\"1024\" height=\"683\" data-id=\"10449\" src=\"https:\/\/storage.googleapis.com\/saa-repositorio\/prd\/saa-sites\/cosali\/imagens\/54917129874_6608785eb1_6k-1024x683.jpg\" alt=\"\" class=\"wp-image-10449\"\/><\/figure>\n\n\n\n<figure class=\"wp-block-image size-large\"><img loading=\"lazy\" decoding=\"async\" width=\"1024\" height=\"683\" data-id=\"10444\" src=\"https:\/\/storage.googleapis.com\/saa-repositorio\/prd\/saa-sites\/cosali\/imagens\/54917129829_3bda868074_6k-1024x683.jpg\" alt=\"\" class=\"wp-image-10444\"\/><\/figure>\n\n\n\n<figure class=\"wp-block-image size-large\"><img loading=\"lazy\" decoding=\"async\" width=\"1024\" height=\"683\" data-id=\"10438\" src=\"https:\/\/storage.googleapis.com\/saa-repositorio\/prd\/saa-sites\/cosali\/imagens\/Carreta-11-1024x683.jpg\" alt=\"\" class=\"wp-image-10438\"\/><\/figure>\n<\/figure>\n\n\n\n<hr class=\"wp-block-separator has-text-color has-white-color has-alpha-channel-opacity has-white-background-color has-background\"\/>\n","protected":false},"excerpt":{"rendered":"<p>A&nbsp;Carreta do Projeto Cozinhalimento&nbsp;\u00e9 uma unidade m\u00f3vel de capacita\u00e7\u00e3o criada para levar educa\u00e7\u00e3o alimentar, forma\u00e7\u00e3o culin\u00e1ria e a\u00e7\u00f5es de promo\u00e7\u00e3o do direito humano \u00e0 alimenta\u00e7\u00e3o adequada a diferentes regi\u00f5es do Estado de S\u00e3o Paulo. Integrada ao Projeto Cozinhalimento da Diretoria de Seguran\u00e7a Alimentar, a carreta amplia o alcance das a\u00e7\u00f5es de Seguran\u00e7a Alimentar e Nutricional, [&hellip;]<\/p>\n","protected":false},"author":16,"featured_media":10041,"parent":0,"menu_order":0,"comment_status":"closed","ping_status":"closed","template":"","meta":{"_acf_changed":false,"footnotes":""},"class_list":["post-10059","page","type-page","status-publish","has-post-thumbnail","hentry"],"acf":[],"_links":{"self":[{"href":"https:\/\/agricultura.sp.gov.br\/segurancaalimentar\/wp-json\/wp\/v2\/pages\/10059","targetHints":{"allow":["GET"]}}],"collection":[{"href":"https:\/\/agricultura.sp.gov.br\/segurancaalimentar\/wp-json\/wp\/v2\/pages"}],"about":[{"href":"https:\/\/agricultura.sp.gov.br\/segurancaalimentar\/wp-json\/wp\/v2\/types\/page"}],"author":[{"embeddable":true,"href":"https:\/\/agricultura.sp.gov.br\/segurancaalimentar\/wp-json\/wp\/v2\/users\/16"}],"replies":[{"embeddable":true,"href":"https:\/\/agricultura.sp.gov.br\/segurancaalimentar\/wp-json\/wp\/v2\/comments?post=10059"}],"version-history":[{"count":9,"href":"https:\/\/agricultura.sp.gov.br\/segurancaalimentar\/wp-json\/wp\/v2\/pages\/10059\/revisions"}],"predecessor-version":[{"id":10452,"href":"https:\/\/agricultura.sp.gov.br\/segurancaalimentar\/wp-json\/wp\/v2\/pages\/10059\/revisions\/10452"}],"wp:featuredmedia":[{"embeddable":true,"href":"https:\/\/agricultura.sp.gov.br\/segurancaalimentar\/wp-json\/wp\/v2\/media\/10041"}],"wp:attachment":[{"href":"https:\/\/agricultura.sp.gov.br\/segurancaalimentar\/wp-json\/wp\/v2\/media?parent=10059"}],"curies":[{"name":"wp","href":"https:\/\/api.w.org\/{rel}","templated":true}]}}