{"id":8894,"date":"2025-09-02T17:58:46","date_gmt":"2025-09-02T20:58:46","guid":{"rendered":"https:\/\/agricultura.sp.gov.br\/iea\/?page_id=8894"},"modified":"2025-10-08T16:03:59","modified_gmt":"2025-10-08T19:03:59","slug":"calculo-iea-do-custo-de-producao","status":"publish","type":"page","link":"https:\/\/agricultura.sp.gov.br\/iea\/calculo-iea-do-custo-de-producao\/","title":{"rendered":"C\u00e1lculo IEA do Custo de Produ\u00e7\u00e3o"},"content":{"rendered":"\n<p><\/p>\n\n\n\n<h2 class=\"wp-block-heading has-medium-font-size\">Objetivo<\/h2>\n\n\n\n<div class=\"wp-block-columns is-layout-flex wp-container-core-columns-is-layout-9d6595d7 wp-block-columns-is-layout-flex\">\n<div class=\"wp-block-column is-layout-flow wp-block-column-is-layout-flow\">\n<p>Este aplicativo tem o prop\u00f3sito de fornecer ao produtor rural de cultura anual, perene e semi-perene de produ\u00e7\u00f5es Vegetais, uma ferramenta de c\u00e1lculo do custo de produ\u00e7\u00e3o de sua atividade agr\u00edcola, utilizando-se a metodologia de custo operacional desenvolvida pelo Instituto de Economia Agr\u00edcola.<\/p>\n\n\n\n<p><\/p>\n\n\n\n<h2 class=\"wp-block-heading has-medium-font-size\">Como Participar<\/h2>\n\n\n\n<p>\u00c9 necess\u00e1rio realizar seu cadastro no aplicativo ou no site, e informar os dados referentes a sua atividade agr\u00edcola (opera\u00e7\u00f5es realizadas, uso de m\u00e3o de obra, m\u00e1quinas e implementos), material, insumos e produtos com as quantidades a serem utilizados (inseticida, herbicida, adubo e outros). Depois de criados o login e a senha em qualquer uma dessas duas plataformas, poder\u00e3o ser feitos o cadastro e a inser\u00e7\u00e3o dos dados para o c\u00e1lculo do custo de produ\u00e7\u00e3o.<\/p>\n\n\n\n<p><\/p>\n<\/div>\n\n\n\n<div class=\"wp-block-column is-layout-flow wp-block-column-is-layout-flow\">\n  <!-- Carrossel simples: responsivo, 3 imagens, fade, loop 2s -->\n  <style>\n    \/* estilos m\u00ednimos para o carrossel *\/\n    #carrossel-simples { position: relative; width: 100%; overflow: hidden; border-radius: 6px; padding-top: 56.25%; background:#000; }\n    #carrossel-simples .carrossel-img {\n      position: absolute;\n      inset: 0;\n      width: 100%;\n      height: 100%;\n      object-fit: cover;\n      opacity: 0;\n      transition: opacity 0.8s ease-in-out;\n      display: block;\n    }\n    #carrossel-simples .carrossel-img.show { opacity: 1; }\n  <\/style>\n  <div id=\"carrossel-simples\" aria-roledescription=\"carousel\" aria-label=\"Imagens do carrossel\">\n    <img decoding=\"async\" src=\"https:\/\/storage.googleapis.com\/saa-repositorio\/hml\/saa-sites\/apta-iea\/imagens\/Campo-de-soja-Original-WEB-Carrossel.jpg\"\n         alt=\"Campo de soja\"\n         class=\"carrossel-img\">\n    <img decoding=\"async\" src=\"https:\/\/storage.googleapis.com\/saa-repositorio\/hml\/saa-sites\/apta-iea\/imagens\/Jardim-de-laranjas-WEB-Carrossel.jpg\"\n         alt=\"Jardim de laranjas\"\n         class=\"carrossel-img\">\n    <img decoding=\"async\" src=\"https:\/\/storage.googleapis.com\/saa-repositorio\/hml\/saa-sites\/apta-iea\/imagens\/Seringueira-no-Custo-WEB-Carrossel.jpg\"\n         alt=\"Seringueira\"\n         class=\"carrossel-img\">\n  <\/div>\n  <script>\n    document.addEventListener('DOMContentLoaded', function () {\n      const container = document.getElementById('carrossel-simples');\n      if (!container) return;\n      const imgs = Array.from(container.querySelectorAll('.carrossel-img'));\n      if (imgs.length === 0) return;\n      let idx = 0;\n      imgs.forEach(img => img.classList.remove('show'));\n      imgs[0].classList.add('show');\n      setInterval(() => {\n        imgs[idx].classList.remove('show');\n        idx = (idx + 1) % imgs.length;\n        imgs[idx].classList.add('show');\n      }, 4000);\n    });\n  <\/script>\n<\/div>\n<\/div>\n\n\n<p><!-- \/wp:post-content --><\/p>\n<p><!-- wp:paragraph --><\/p>\n<p><!-- \/wp:paragraph --><\/p>","protected":false},"excerpt":{"rendered":"<p>Objetivo Este aplicativo tem o prop\u00f3sito de fornecer ao produtor rural de cultura anual, perene e semi-perene de produ\u00e7\u00f5es Vegetais, uma ferramenta de c\u00e1lculo do custo de produ\u00e7\u00e3o de sua atividade agr\u00edcola, utilizando-se a metodologia de custo operacional desenvolvida pelo Instituto de Economia Agr\u00edcola. Como Participar \u00c9 necess\u00e1rio realizar seu cadastro no aplicativo ou no [&hellip;]<\/p>\n","protected":false},"author":14,"featured_media":0,"parent":0,"menu_order":0,"comment_status":"closed","ping_status":"closed","template":"iea.php","meta":{"_acf_changed":false,"footnotes":""},"class_list":["post-8894","page","type-page","status-publish","hentry"],"acf":[],"_links":{"self":[{"href":"https:\/\/agricultura.sp.gov.br\/iea\/wp-json\/wp\/v2\/pages\/8894","targetHints":{"allow":["GET"]}}],"collection":[{"href":"https:\/\/agricultura.sp.gov.br\/iea\/wp-json\/wp\/v2\/pages"}],"about":[{"href":"https:\/\/agricultura.sp.gov.br\/iea\/wp-json\/wp\/v2\/types\/page"}],"author":[{"embeddable":true,"href":"https:\/\/agricultura.sp.gov.br\/iea\/wp-json\/wp\/v2\/users\/14"}],"replies":[{"embeddable":true,"href":"https:\/\/agricultura.sp.gov.br\/iea\/wp-json\/wp\/v2\/comments?post=8894"}],"version-history":[{"count":69,"href":"https:\/\/agricultura.sp.gov.br\/iea\/wp-json\/wp\/v2\/pages\/8894\/revisions"}],"predecessor-version":[{"id":9096,"href":"https:\/\/agricultura.sp.gov.br\/iea\/wp-json\/wp\/v2\/pages\/8894\/revisions\/9096"}],"wp:attachment":[{"href":"https:\/\/agricultura.sp.gov.br\/iea\/wp-json\/wp\/v2\/media?parent=8894"}],"curies":[{"name":"wp","href":"https:\/\/api.w.org\/{rel}","templated":true}]}}