{"id":8853,"date":"2025-05-28T14:50:04","date_gmt":"2025-05-28T17:50:04","guid":{"rendered":"https:\/\/agricultura.sp.gov.br\/iea\/?page_id=8853"},"modified":"2025-05-28T14:50:04","modified_gmt":"2025-05-28T17:50:04","slug":"preco-referencia-de-importacao-da-borracha-natural-tsr-20","status":"publish","type":"page","link":"https:\/\/agricultura.sp.gov.br\/iea\/preco-referencia-de-importacao-da-borracha-natural-tsr-20\/","title":{"rendered":"PRE\u00c7O REFER\u00caNCIA DE IMPORTA\u00c7\u00c3O DA BORRACHA NATURAL (TSR 20)"},"content":{"rendered":"\n<h3 class=\"wp-block-heading has-text-color has-link-color wp-elements-ab1780c425aaf0e5687934e872004f95\" style=\"color:#009edf\">Termo de aceite<\/h3>\n\n\n\n<p>O pre\u00e7o refer\u00eancia de importa\u00e7\u00e3o da borracha natural \u00e9 um projeto contratado pela Confedera\u00e7\u00e3o da Agricultura e Pecu\u00e1ria do Brasil (CNA) junto \u00e0 Funda\u00e7\u00e3o de Desenvolvimento da Pesquisa do Agroneg\u00f3cio (FUNDEPAG) e executado pelo Instituto de Economia Agr\u00edcola (IEA) da Ag\u00eancia Paulista de Tecnologia dos Agroneg\u00f3cios (APTA) da Secretaria da Agricultura e Abastecimento (SAA) do estado de S\u00e3o Paulo. A periodicidade da divulga\u00e7\u00e3o \u00e9 mensal e os pre\u00e7os divulgados podem servir como par\u00e2metro para as negocia\u00e7\u00f5es de compra e venda de borracha no mercado brasileiro no m\u00eas subsequente ao pre\u00e7o refer\u00eancia de importa\u00e7\u00e3o divulgado. Ou seja, o pre\u00e7o refer\u00eancia de janeiro de um determinado ano pode servir como refer\u00eancia nas negocia\u00e7\u00f5es de fevereiro. Refor\u00e7a-se que esse pre\u00e7o refer\u00eancia \u00e9 um elemento na composi\u00e7\u00e3o das negocia\u00e7\u00f5es de compra e venda da borracha, sendo as caracter\u00edsticas do produto negociado e dos agentes envolvidos (% de DRC, taxa de participa\u00e7\u00e3o, cotas de parceria) itens que n\u00e3o integram o escopo de estudo desse projeto.<\/p>\n\n\n\n<p>A s\u00e9rie hist\u00f3rica apresentada se refere aos pre\u00e7os nominais (sem defla\u00e7\u00e3o).<\/p>\n\n\n\n<p class=\"has-text-align-center\"><strong>O uso dos dados divulgados nessa estat\u00edstica requer a cita\u00e7\u00e3o de sua fonte.<\/strong><\/p>\n\n\n\n<div class=\"wp-block-buttons is-layout-flex wp-block-buttons-is-layout-flex\">\n<div class=\"wp-block-button has-custom-width wp-block-button__width-100\"><a class=\"wp-block-button__link has-background wp-element-button\" href=\"http:\/\/ciagri.iea.sp.gov.br\/bancodedados\/borracha\" style=\"background-color:#009edf\"><strong>Eu aceito<\/strong><\/a><\/div>\n<\/div>\n\n\n\n<p><\/p>\n","protected":false},"excerpt":{"rendered":"<p>Termo de aceite O pre\u00e7o refer\u00eancia de importa\u00e7\u00e3o da borracha natural \u00e9 um projeto contratado pela Confedera\u00e7\u00e3o da Agricultura e Pecu\u00e1ria do Brasil (CNA) junto \u00e0 Funda\u00e7\u00e3o de Desenvolvimento da Pesquisa do Agroneg\u00f3cio (FUNDEPAG) e executado pelo Instituto de Economia Agr\u00edcola (IEA) da Ag\u00eancia Paulista de Tecnologia dos Agroneg\u00f3cios (APTA) da Secretaria da Agricultura e [&hellip;]<\/p>\n","protected":false},"author":1,"featured_media":0,"parent":0,"menu_order":0,"comment_status":"closed","ping_status":"closed","template":"","meta":{"_acf_changed":false,"footnotes":""},"class_list":["post-8853","page","type-page","status-publish","hentry"],"acf":[],"_links":{"self":[{"href":"https:\/\/agricultura.sp.gov.br\/iea\/wp-json\/wp\/v2\/pages\/8853","targetHints":{"allow":["GET"]}}],"collection":[{"href":"https:\/\/agricultura.sp.gov.br\/iea\/wp-json\/wp\/v2\/pages"}],"about":[{"href":"https:\/\/agricultura.sp.gov.br\/iea\/wp-json\/wp\/v2\/types\/page"}],"author":[{"embeddable":true,"href":"https:\/\/agricultura.sp.gov.br\/iea\/wp-json\/wp\/v2\/users\/1"}],"replies":[{"embeddable":true,"href":"https:\/\/agricultura.sp.gov.br\/iea\/wp-json\/wp\/v2\/comments?post=8853"}],"version-history":[{"count":1,"href":"https:\/\/agricultura.sp.gov.br\/iea\/wp-json\/wp\/v2\/pages\/8853\/revisions"}],"predecessor-version":[{"id":8854,"href":"https:\/\/agricultura.sp.gov.br\/iea\/wp-json\/wp\/v2\/pages\/8853\/revisions\/8854"}],"wp:attachment":[{"href":"https:\/\/agricultura.sp.gov.br\/iea\/wp-json\/wp\/v2\/media?parent=8853"}],"curies":[{"name":"wp","href":"https:\/\/api.w.org\/{rel}","templated":true}]}}