{"id":8841,"date":"2025-05-28T11:48:35","date_gmt":"2025-05-28T14:48:35","guid":{"rendered":"https:\/\/agricultura.sp.gov.br\/iea\/?page_id=8841"},"modified":"2025-05-28T12:06:25","modified_gmt":"2025-05-28T15:06:25","slug":"bancos-de-dados","status":"publish","type":"page","link":"https:\/\/agricultura.sp.gov.br\/iea\/bancos-de-dados\/","title":{"rendered":"BANCOS DE DADOS"},"content":{"rendered":"\n<figure class=\"wp-block-image size-full is-resized\"><img loading=\"lazy\" decoding=\"async\" width=\"1024\" height=\"256\" src=\"https:\/\/storage.googleapis.com\/saa-repositorio\/hml\/saa-sites\/apta-iea\/imagens\/BANCO-DE-DADOS.png\" alt=\"\" class=\"wp-image-8845\" style=\"object-fit:cover;width:1300px;height:300px\"\/><\/figure>\n\n\n\n<p><strong>Apresenta\u00e7\u00e3o<\/strong><\/p>\n\n\n\n<ul class=\"wp-block-list\">\n<li><a href=\"https:\/\/app.powerbi.com\/view?r=eyJrIjoiZmUxYjM0NDktYmZiNy00MTFmLTkxZWEtMTNmMDI0MDY5MGQ5IiwidCI6IjZlZmU4MzFjLTA1MTItNDE5NS04ZWZkLTU5ODI2Y2M1YTkyMiJ9\">Distribui\u00e7\u00e3o dos Munic\u00edpios<\/a><\/li>\n\n\n\n<li><a href=\"https:\/\/iea.agricultura.sp.gov.br\/out\/mapa.php\">Mapas &#8211; EDR e RA<\/a><\/li>\n<\/ul>\n\n\n\n<p><strong>Pre\u00e7os Agr\u00edcolas<\/strong><\/p>\n\n\n\n<ul class=\"wp-block-list\">\n<li><a href=\"https:\/\/infoiea.agricultura.sp.gov.br\/nia1\/Precos_Medios.aspx?cod_sis=3\">Pre\u00e7os M\u00e9dios Mensais de Venda no Mercado Atacadista na Regi\u00e3o Metropolitana de S\u00e3o Paulo<\/a><\/li>\n\n\n\n<li><a href=\"https:\/\/infoiea.agricultura.sp.gov.br\/nia1\/precos_medios.aspx?cod_sis=4\">Pre\u00e7os M\u00e9dios Mensais no Varejo na Capital<\/a><\/li>\n\n\n\n<li><a href=\"https:\/\/infoiea.agricultura.sp.gov.br\/nia1\/precos_medios.aspx?cod_sis=2\">Pre\u00e7os M\u00e9dios Mensais Recebidos pelos Agricultores<\/a><\/li>\n\n\n\n<li><a href=\"https:\/\/infoiea.agricultura.sp.gov.br\/bancoiea_Teste\/pagos2.aspx?cod_sis=5\">Pre\u00e7os M\u00e9dios Mensais Pagos pela Agricultura<\/a><\/li>\n\n\n\n<li><a href=\"https:\/\/infoiea.agricultura.sp.gov.br\/nia1\/Indices.aspx?cod_sis=7\">\u00cdndices de Pre\u00e7os do Estado de S\u00e3o Paulo<\/a><\/li>\n\n\n\n<li><a href=\"https:\/\/infoiea.agricultura.sp.gov.br\/nia1\/RelaTrocaProduto.aspx?cod_sis=22\">Rela\u00e7\u00e3o de Troca Produto\/Insumo<\/a><\/li>\n\n\n\n<li><a href=\"https:\/\/infoiea.agricultura.sp.gov.br\/nia1\/RelaTrocaDefensivos.aspx?cod_sis=20\">Rela\u00e7\u00e3o de Troca entre Defensivos e Produtos Agr\u00edcola &#8211; 2000 a 2016<\/a><\/li>\n\n\n\n<li><a href=\"https:\/\/infoiea.agricultura.sp.gov.br\/nia1\/Indicadores_conjuntura.aspx?cod_sis=21\">Indicadores de Conjuntura Agropecu\u00e1ria<\/a><\/li>\n\n\n\n<li><a href=\"https:\/\/iea.agricultura.sp.gov.br\/out\/termoborracha.php\">Pre\u00e7o de Refer\u00eancia de Importa\u00e7\u00e3o da Borracha Natural (TSR20)<\/a><\/li>\n<\/ul>\n\n\n\n<p><strong>Pre\u00e7os Di\u00e1rios<\/strong><\/p>\n\n\n\n<ul class=\"wp-block-list\">\n<li><a href=\"https:\/\/infoiea.agricultura.sp.gov.br\/BancoDeDados\/PrecosDiarios\/Recebidos\">Pre\u00e7os M\u00e9dios Di\u00e1rios Recebidos Pelos Produtores<\/a><\/li>\n\n\n\n<li><a href=\"https:\/\/infoiea.agricultura.sp.gov.br\/BancoDeDados\/PrecosDiarios\/Atacado\">Pre\u00e7os M\u00ednimo, Mais Comum e M\u00e1ximo de Venda no Mercado Atacadista na Regi\u00e3o Metropolitana de S\u00e3o Paulo<\/a><\/li>\n\n\n\n<li><a href=\"https:\/\/infoiea.agricultura.sp.gov.br\/BancoDeDados\/PrecosDiarios\/Internacional\">Cota\u00e7\u00f5es de Fechamento de Produtos Agropecu\u00e1rios Mercado Interno e Internacional<\/a><\/li>\n<\/ul>\n\n\n\n<p><strong>Terra Rural<\/strong><\/p>\n\n\n\n<ul class=\"wp-block-list\">\n<li><a href=\"http:\/\/ciagri.iea.sp.gov.br\/bancoiea_TEste\/Precor_TerraNua_SEFAZ.aspx\">Valor de Terra Nua &#8211; Munic\u00edpios&nbsp;<\/a><\/li>\n\n\n\n<li><a href=\"https:\/\/infoiea.agricultura.sp.gov.br\/nia1\/precor_SEFAZ.aspx?cod_tipo=1&amp;cod_sis=8\">Valor de Terra Nua &#8211; Estado e Regi\u00f5es<\/a><\/li>\n\n\n\n<li><a href=\"http:\/\/ciagri.iea.sp.gov.br\/bancoiea_TEste\/Precor_ImovBenf_SEFAZ.aspx\">Pre\u00e7os de Im\u00f3veis Rurais com Benfeitorias &#8211; Munic\u00edpios<\/a><a href=\"https:\/\/infoiea.agricultura.sp.gov.br\/nia1\/precor_Mun_SEFAZ.aspx?cod_tipo=1&amp;cod_sis=8\"><\/a><\/li>\n\n\n\n<li><a href=\"https:\/\/infoiea.agricultura.sp.gov.br\/nia1\/precor_SEFAZ_2017.aspx?cod_tipo=2&amp;cod_sis=9\">Pre\u00e7os de Im\u00f3veis Rurais com Benfeitorias &#8211; Estado e Regi\u00f5es &#8211; a partir de 2017<\/a><\/li>\n\n\n\n<li><a href=\"https:\/\/infoiea.agricultura.sp.gov.br\/nia1\/precor_SEFAZ.aspx?cod_tipo=2&amp;cod_sis=9\">Pre\u00e7os de Im\u00f3veis Rurais com Benfeitorias &#8211; Estado e Regi\u00f5es &#8211; 1995 a 2017<\/a><\/li>\n\n\n\n<li><a href=\"https:\/\/infoiea.agricultura.sp.gov.br\/nia1\/precor.aspx?cod_tipo=3&amp;cod_sis=10\">Aluguel de Pasto<\/a><\/li>\n\n\n\n<li><a href=\"https:\/\/infoiea.agricultura.sp.gov.br\/nia1\/precor.aspx?cod_tipo=4&amp;cod_sis=11\">Arrendamento em Esp\u00e9cie &#8211; 1995 a 2012<\/a><\/li>\n\n\n\n<li><a href=\"https:\/\/infoiea.agricultura.sp.gov.br\/nia1\/precor.aspx?cod_tipo=5&amp;cod_sis=12\">Arrendamento em Dinheiro<\/a><\/li>\n<\/ul>\n\n\n\n<p><strong>Estat\u00edsticas da Produ\u00e7\u00e3o Paulista<\/strong><\/p>\n\n\n\n<ul class=\"wp-block-list\">\n<li><a href=\"https:\/\/infoiea.agricultura.sp.gov.br\/nia1\/subjetiva.aspx?cod_sis=1&amp;idioma=1\">Estat\u00edsticas da Produ\u00e7\u00e3o Paulista<\/a><\/li>\n<\/ul>\n\n\n\n<p><strong>Valor da Produ\u00e7\u00e3o<\/strong><\/p>\n\n\n\n<ul class=\"wp-block-list\">\n<li><a href=\"https:\/\/infoiea.agricultura.sp.gov.br\/bancodedados\/valorproducao\">Valor da Produ\u00e7\u00e3o dos Principais Produtos da Agropecu\u00e1ria<\/a><\/li>\n<\/ul>\n\n\n\n<p><strong>M\u00e3o de Obra<\/strong><\/p>\n\n\n\n<ul class=\"wp-block-list\">\n<li><a href=\"https:\/\/infoiea.agricultura.sp.gov.br\/nia1\/precorSalarios.aspx?cod_tipo=6&amp;cod_sis=13\">Sal\u00e1rios Rurais<\/a><\/li>\n\n\n\n<li><a href=\"https:\/\/infoiea.agricultura.sp.gov.br\/nia1\/precor_dira.aspx?cod_sis=15\">Sal\u00e1rios Rurais &#8211; 1969 a 1995<\/a><\/li>\n\n\n\n<li><a href=\"https:\/\/infoiea.agricultura.sp.gov.br\/nia1\/precorSalarios.aspx?cod_tipo=7&amp;cod_sis=14\">Pagamento de Colheita<\/a><\/li>\n\n\n\n<li><a href=\"https:\/\/infoiea.agricultura.sp.gov.br\/nia1\/precorSalarios.aspx?cod_tipo=8&amp;cod_sis=16\">Quantidade Colhida<\/a><\/li>\n<\/ul>\n","protected":false},"excerpt":{"rendered":"<p>Apresenta\u00e7\u00e3o Pre\u00e7os Agr\u00edcolas Pre\u00e7os Di\u00e1rios Terra Rural Estat\u00edsticas da Produ\u00e7\u00e3o Paulista Valor da Produ\u00e7\u00e3o M\u00e3o de Obra<\/p>\n","protected":false},"author":1,"featured_media":0,"parent":0,"menu_order":0,"comment_status":"closed","ping_status":"closed","template":"","meta":{"_acf_changed":false,"footnotes":""},"class_list":["post-8841","page","type-page","status-publish","hentry"],"acf":[],"_links":{"self":[{"href":"https:\/\/agricultura.sp.gov.br\/iea\/wp-json\/wp\/v2\/pages\/8841","targetHints":{"allow":["GET"]}}],"collection":[{"href":"https:\/\/agricultura.sp.gov.br\/iea\/wp-json\/wp\/v2\/pages"}],"about":[{"href":"https:\/\/agricultura.sp.gov.br\/iea\/wp-json\/wp\/v2\/types\/page"}],"author":[{"embeddable":true,"href":"https:\/\/agricultura.sp.gov.br\/iea\/wp-json\/wp\/v2\/users\/1"}],"replies":[{"embeddable":true,"href":"https:\/\/agricultura.sp.gov.br\/iea\/wp-json\/wp\/v2\/comments?post=8841"}],"version-history":[{"count":3,"href":"https:\/\/agricultura.sp.gov.br\/iea\/wp-json\/wp\/v2\/pages\/8841\/revisions"}],"predecessor-version":[{"id":8846,"href":"https:\/\/agricultura.sp.gov.br\/iea\/wp-json\/wp\/v2\/pages\/8841\/revisions\/8846"}],"wp:attachment":[{"href":"https:\/\/agricultura.sp.gov.br\/iea\/wp-json\/wp\/v2\/media?parent=8841"}],"curies":[{"name":"wp","href":"https:\/\/api.w.org\/{rel}","templated":true}]}}