{"id":9134,"date":"2026-01-09T15:13:05","date_gmt":"2026-01-09T18:13:05","guid":{"rendered":"https:\/\/agricultura.sp.gov.br\/desenvolvimentodosagronegocios\/?page_id=9134"},"modified":"2026-02-05T12:36:32","modified_gmt":"2026-02-05T15:36:32","slug":"info-agro","status":"publish","type":"page","link":"https:\/\/agricultura.sp.gov.br\/desenvolvimentodosagronegocios\/info-agro","title":{"rendered":"Info Agro"},"content":{"rendered":"<figure class=\"wp-block-post-featured-image\"><img loading=\"lazy\" decoding=\"async\" width=\"2560\" height=\"591\" src=\"https:\/\/storage.googleapis.com\/saa-repositorio\/prd\/saa-sites\/codeagro\/imagens\/Banner-inicio-de-pagina-Info-Agro-2-scaled.png\" class=\"attachment-post-thumbnail size-post-thumbnail wp-post-image\" alt=\"\" style=\"object-fit:cover;\" \/><\/figure>\n\n\n<p>A <strong>Info Agro<\/strong> re\u00fane um <strong>conjunto de infogr\u00e1ficos de apoio<\/strong> que organizam e apresentam dados, indicadores e an\u00e1lises sobre o agroneg\u00f3cio paulista, contribuindo para a compreens\u00e3o do cen\u00e1rio produtivo, econ\u00f4mico e institucional do Estado de S\u00e3o Paulo.<\/p>\n\n\n\n<p>As informa\u00e7\u00f5es disponibilizadas apoiam gestores p\u00fablicos, produtores, t\u00e9cnicos e demais interessados, oferecendo subs\u00eddios para o planejamento, o monitoramento e a formula\u00e7\u00e3o de pol\u00edticas p\u00fablicas, com foco na produ\u00e7\u00e3o agropecu\u00e1ria, no perfil dos munic\u00edpios, nas compras p\u00fablicas e nas parcerias estrat\u00e9gicas do setor.<\/p>\n\n\n\n<hr class=\"wp-block-separator has-text-color has-white-color has-alpha-channel-opacity has-white-background-color has-background\"\/>\n\n\n\n<div class=\"wp-block-buttons is-layout-flex wp-block-buttons-is-layout-flex\"><\/div>\n\n\n\n<p><strong><strong><strong><strong>Produ\u00e7\u00e3o Agropecu\u00e1ria, Silvicultura e Extrativismo<\/strong><\/strong><\/strong><\/strong><\/p>\n\n\n\n<p>Re\u00fane dados da produ\u00e7\u00e3o agropecu\u00e1ria do Estado de S\u00e3o Paulo que podem ser acessados em diferentes recortes: municipal, por regi\u00e3o e em rela\u00e7\u00e3o ao plano nacional, com base nas pesquisas realizadas pelo IBGE.<\/p>\n\n\n\n<div style=\"position: relative; padding-bottom: 56.25%; height: 0; overflow: hidden;\">\n  <iframe\n    title=\"Power BI - Relat\u00f3rio 1\"\n    src=\"https:\/\/app.powerbi.com\/view?r=eyJrIjoiZGZlYjhiNzItMzAwNi00YzllLThkNTgtMTQ5OTliM2YwOWU1IiwidCI6IjNhNzhiMGNkLTdjOGUtNDkyOS04M2Q1LTE5MGE2Y2MwMTM2NSJ9\"\n    style=\"position: absolute; top: 0; left: 0; width: 100%; height: 100%; border: 0;\"\n    allowfullscreen=\"true\">\n  <\/iframe>\n<\/div>\n\n\n\n<hr class=\"wp-block-separator has-text-color has-white-color has-alpha-channel-opacity has-white-background-color has-background\"\/>\n\n\n\n<div class=\"wp-block-buttons is-layout-flex wp-block-buttons-is-layout-flex\"><\/div>\n\n\n\n<p><strong><strong><strong>Perfil Municipal<\/strong><\/strong><\/strong><\/p>\n\n\n\n<p>Perfil socioecon\u00f4mico de todos os 645 munic\u00edpios paulistas a partir do conjunto de seus principais dados, \u00edndices e indicadores, obtidos junto ao SEADE.<\/p>\n\n\n\n<div style=\"position: relative; padding-bottom: 56.25%; height: 0; overflow: hidden;\">\n  <iframe\n    title=\"Power BI - Relat\u00f3rio 2\"\n    src=\"https:\/\/app.powerbi.com\/view?r=eyJrIjoiZDM2ODQ5MmYtODUzOC00OTQwLThhNTYtYzE2YjZjODhlYzI5IiwidCI6IjNhNzhiMGNkLTdjOGUtNDkyOS04M2Q1LTE5MGE2Y2MwMTM2NSJ9\"\n    style=\"position: absolute; top: 0; left: 0; width: 100%; height: 100%; border: 0;\"\n    allowfullscreen=\"true\">\n  <\/iframe>\n<\/div>\n\n\n\n<hr class=\"wp-block-separator has-text-color has-white-color has-alpha-channel-opacity has-white-background-color has-background\"\/>\n\n\n\n<div class=\"wp-block-buttons is-layout-flex wp-block-buttons-is-layout-flex\"><\/div>\n\n\n\n<p><strong><strong>Compras P\u00fablicas \u2013 informa\u00e7\u00f5es por produto<\/strong><\/strong><\/p>\n\n\n\n<p>Acompanhamento e divulga\u00e7\u00e3o, em tempo real e com foco no produto, do pre\u00e7o ofertado, da quantidade demandada pela prefeitura\/institui\u00e7\u00e3o compradora e do prazo (data de encerramento) das oportunidades de neg\u00f3cios destinadas exclusivamente aos agricultores familiares por meio dos diferentes programas de compras p\u00fablicas no Estado de S\u00e3o Paulo.<\/p>\n\n\n\n<div style=\"position: relative; padding-bottom: 56.25%; height: 0; overflow: hidden;\">\n  <iframe\n    title=\"Power BI - Relat\u00f3rio 3\"\n    src=\"https:\/\/app.powerbi.com\/view?r=eyJrIjoiY2ZmNjM2NWUtMjQ2MS00ODQ4LWI1YTctOWJkZmViODQwNGJmIiwidCI6IjNhNzhiMGNkLTdjOGUtNDkyOS04M2Q1LTE5MGE2Y2MwMTM2NSJ9\"\n    style=\"position: absolute; top: 0; left: 0; width: 100%; height: 100%; border: 0;\"\n    allowfullscreen=\"true\">\n  <\/iframe>\n<\/div>\n\n\n\n<hr class=\"wp-block-separator has-text-color has-white-color has-alpha-channel-opacity has-white-background-color has-background\"\/>\n\n\n\n<div class=\"wp-block-buttons is-layout-flex wp-block-buttons-is-layout-flex\"><\/div>\n\n\n\n<hr class=\"wp-block-separator has-text-color has-white-color has-alpha-channel-opacity has-white-background-color has-background\"\/>\n\n\n\n<p><strong>Parceria CEAGESP<\/strong><\/p>\n\n\n\n<p>Produto da parceria firmada, este link disponibiliza ao usu\u00e1rio informa\u00e7\u00f5es completas sobre hortali\u00e7as e frutas comercializadas com base em informa\u00e7\u00f5es fornecidas pelo seu principal centro abastecedor, abrangendo as diferentes classifica\u00e7\u00f5es e variedades ofertadas, com rela\u00e7\u00e3o aos pre\u00e7os praticados e ao acompanhamento das diferentes varia\u00e7\u00f5es temporais (semanal, mensal, anual).<\/p>\n\n\n\n<div style=\"position: relative; padding-bottom: 56.25%; height: 0; overflow: hidden;\">\n  <iframe\n    title=\"Power BI - Relat\u00f3rio 4\"\n    src=\"https:\/\/app.powerbi.com\/view?r=eyJrIjoiZGQwZmY4NWEtNmI0NS00MWVkLThhOTUtMzFkY2Y4ZjFkNjBjIiwidCI6IjNhNzhiMGNkLTdjOGUtNDkyOS04M2Q1LTE5MGE2Y2MwMTM2NSJ9\"\n    style=\"position: absolute; top: 0; left: 0; width: 100%; height: 100%; border: 0;\"\n    allowfullscreen=\"true\">\n  <\/iframe>\n<\/div>\n\n\n\n<hr class=\"wp-block-separator has-text-color has-white-color has-alpha-channel-opacity has-white-background-color has-background\"\/>\n","protected":false},"excerpt":{"rendered":"<p>A Info Agro re\u00fane um conjunto de infogr\u00e1ficos de apoio que organizam e apresentam dados, indicadores e an\u00e1lises sobre o agroneg\u00f3cio paulista, contribuindo para a compreens\u00e3o do cen\u00e1rio produtivo, econ\u00f4mico e institucional do Estado de S\u00e3o Paulo. As informa\u00e7\u00f5es disponibilizadas apoiam gestores p\u00fablicos, produtores, t\u00e9cnicos e demais interessados, oferecendo subs\u00eddios para o planejamento, o monitoramento [&hellip;]<\/p>\n","protected":false},"author":16,"featured_media":9162,"parent":0,"menu_order":0,"comment_status":"closed","ping_status":"closed","template":"","meta":{"_acf_changed":false,"footnotes":""},"class_list":["post-9134","page","type-page","status-publish","has-post-thumbnail","hentry"],"acf":[],"_links":{"self":[{"href":"https:\/\/agricultura.sp.gov.br\/desenvolvimentodosagronegocios\/wp-json\/wp\/v2\/pages\/9134","targetHints":{"allow":["GET"]}}],"collection":[{"href":"https:\/\/agricultura.sp.gov.br\/desenvolvimentodosagronegocios\/wp-json\/wp\/v2\/pages"}],"about":[{"href":"https:\/\/agricultura.sp.gov.br\/desenvolvimentodosagronegocios\/wp-json\/wp\/v2\/types\/page"}],"author":[{"embeddable":true,"href":"https:\/\/agricultura.sp.gov.br\/desenvolvimentodosagronegocios\/wp-json\/wp\/v2\/users\/16"}],"replies":[{"embeddable":true,"href":"https:\/\/agricultura.sp.gov.br\/desenvolvimentodosagronegocios\/wp-json\/wp\/v2\/comments?post=9134"}],"version-history":[{"count":29,"href":"https:\/\/agricultura.sp.gov.br\/desenvolvimentodosagronegocios\/wp-json\/wp\/v2\/pages\/9134\/revisions"}],"predecessor-version":[{"id":9750,"href":"https:\/\/agricultura.sp.gov.br\/desenvolvimentodosagronegocios\/wp-json\/wp\/v2\/pages\/9134\/revisions\/9750"}],"wp:featuredmedia":[{"embeddable":true,"href":"https:\/\/agricultura.sp.gov.br\/desenvolvimentodosagronegocios\/wp-json\/wp\/v2\/media\/9162"}],"wp:attachment":[{"href":"https:\/\/agricultura.sp.gov.br\/desenvolvimentodosagronegocios\/wp-json\/wp\/v2\/media?parent=9134"}],"curies":[{"name":"wp","href":"https:\/\/api.w.org\/{rel}","templated":true}]}}