{"id":263,"date":"2024-11-19T09:39:11","date_gmt":"2024-11-19T12:39:11","guid":{"rendered":"http:\/\/secretariawordpress.test?page_id=263"},"modified":"2026-01-29T14:42:20","modified_gmt":"2026-01-29T17:42:20","slug":"funcoes-e-competencias","status":"publish","type":"page","link":"https:\/\/agricultura.sp.gov.br\/desenvolvimentodosagronegocios\/funcoes-e-competencias","title":{"rendered":"Fun\u00e7\u00f5es e Compet\u00eancias"},"content":{"rendered":"\n<p>A&nbsp;Secretaria de Agricultura e Abastecimento do Estado de S\u00e3o Paulo (SAA-SP)&nbsp;\u00e9 um \u00f3rg\u00e3o da administra\u00e7\u00e3o direta do Governo do Estado, criado em&nbsp;1892&nbsp;junto \u00e0s ent\u00e3o Secretarias da Fazenda, Justi\u00e7a e Interior. Desde sua origem, atua como pilar estrat\u00e9gico para o desenvolvimento do Estado, apoiando a produ\u00e7\u00e3o, o com\u00e9rcio, a ind\u00fastria, a imigra\u00e7\u00e3o, a coloniza\u00e7\u00e3o e as pol\u00edticas de uso da terra.<\/p>\n\n\n\n<p>A partir da d\u00e9cada de 1940, a Secretaria passou a concentrar suas a\u00e7\u00f5es no fortalecimento do&nbsp;setor prim\u00e1rio, ampliando sua capacidade de&nbsp;pesquisa, fomento e inova\u00e7\u00e3o agr\u00edcola. Em&nbsp;1979, passou a se chamar Secretaria de Agricultura e Abastecimento, e, ao longo das d\u00e9cadas, foi modernizada e reorganizada por meio dos&nbsp;Decretos Estaduais n\u00ba 43.142\/1998,&nbsp;n\u00ba 66.417\/2021 e n\u00ba 69.664\/2025, que atualizaram suas estruturas e atribui\u00e7\u00f5es.<\/p>\n\n\n\n<p>A reestrutura\u00e7\u00e3o institucional definida pelo&nbsp;Decreto n\u00ba 69.664\/2025&nbsp;criou a&nbsp;Subsecretaria de Abastecimento, unidade respons\u00e1vel por integrar a\u00e7\u00f5es de seguran\u00e7a alimentar, log\u00edstica de abastecimento, escoamento da produ\u00e7\u00e3o, oferta de alimentos e a\u00e7\u00f5es voltadas \u00e0 qualidade e proced\u00eancia dos produtos agr\u00edcolas, pecu\u00e1rios e agroindustriais.<\/p>\n\n\n\n<p>Inserida nessa estrutura, a CODEAGRO refor\u00e7a sua atua\u00e7\u00e3o no desenvolvimento de programas e projetos que conectam o produtor ao consumidor e promovem um sistema de abastecimento mais eficiente e sustent\u00e1vel.<\/p>\n\n\n\n<p><\/p>\n\n\n\n<p>A <strong>Diretoria de Desenvolvimento dos Agroneg\u00f3cios (CODEAGRO)<\/strong> \u00e9 um dos bra\u00e7os executivos da SAA-SP, com foco em organiza\u00e7\u00e3o rural, desenvolvimento de projetos e abastecimento alimentar.<\/p>\n\n\n\n<div class=\"wp-block-media-text is-stacked-on-mobile has-background\" style=\"background-color:#f8f9fa;grid-template-columns:41% auto\"><figure class=\"wp-block-media-text__media\"><img loading=\"lazy\" decoding=\"async\" width=\"500\" height=\"500\" src=\"https:\/\/storage.googleapis.com\/saa-repositorio\/hml\/saa-sites\/codeagro\/imagens\/imagem-caixa-de-laranja-abastecimento.png\" alt=\"\" class=\"wp-image-9023 size-full\"\/><\/figure><div class=\"wp-block-media-text__content\">\n<p class=\"has-background\" style=\"background-color:#f8f9fa\"><strong>Principais compet\u00eancias:<\/strong><\/p>\n\n\n\n<ul class=\"wp-block-list\">\n<li>Promover o <strong>desenvolvimento das cadeias produtivas<\/strong> e de exporta\u00e7\u00e3o dos agroneg\u00f3cios do Estado;<\/li>\n\n\n\n<li>Promover a <strong>educa\u00e7\u00e3o e gest\u00e3o dos agroneg\u00f3cios<\/strong> para orienta\u00e7\u00e3o e melhoria da competitividade;<\/li>\n\n\n\n<li>Promover a integra\u00e7\u00e3o entre a Secretaria e os setores produtivos dos agroneg\u00f3cios;<\/li>\n\n\n\n<li>Estabelecer a\u00e7\u00f5es de <strong>apoio mercadol\u00f3gico<\/strong> e disponibilizar informa\u00e7\u00f5es para agricultura e abastecimento estadual;<\/li>\n\n\n\n<li>Operacionalizar programas de <strong>escoamento de produtos e oferta de alimentos<\/strong> a pre\u00e7os reduzidos ou gratuitos;<\/li>\n\n\n\n<li>Gerenciar o <strong>Sistema de Qualidade de Produtos Agr\u00edcolas, Pecu\u00e1rios e Agroindustriais<\/strong> (Lei n\u00ba 10.481\/1999).<\/li>\n<\/ul>\n<\/div><\/div>\n\n\n\n<p><\/p>\n","protected":false},"excerpt":{"rendered":"<p>A&nbsp;Secretaria de Agricultura e Abastecimento do Estado de S\u00e3o Paulo (SAA-SP)&nbsp;\u00e9 um \u00f3rg\u00e3o da administra\u00e7\u00e3o direta do Governo do Estado, criado em&nbsp;1892&nbsp;junto \u00e0s ent\u00e3o Secretarias da Fazenda, Justi\u00e7a e Interior. Desde sua origem, atua como pilar estrat\u00e9gico para o desenvolvimento do Estado, apoiando a produ\u00e7\u00e3o, o com\u00e9rcio, a ind\u00fastria, a imigra\u00e7\u00e3o, a coloniza\u00e7\u00e3o e as [&hellip;]<\/p>\n","protected":false},"author":1,"featured_media":0,"parent":0,"menu_order":0,"comment_status":"closed","ping_status":"closed","template":"conteudo-texto.php","meta":{"_acf_changed":false,"footnotes":""},"class_list":["post-263","page","type-page","status-publish","hentry"],"acf":[],"_links":{"self":[{"href":"https:\/\/agricultura.sp.gov.br\/desenvolvimentodosagronegocios\/wp-json\/wp\/v2\/pages\/263","targetHints":{"allow":["GET"]}}],"collection":[{"href":"https:\/\/agricultura.sp.gov.br\/desenvolvimentodosagronegocios\/wp-json\/wp\/v2\/pages"}],"about":[{"href":"https:\/\/agricultura.sp.gov.br\/desenvolvimentodosagronegocios\/wp-json\/wp\/v2\/types\/page"}],"author":[{"embeddable":true,"href":"https:\/\/agricultura.sp.gov.br\/desenvolvimentodosagronegocios\/wp-json\/wp\/v2\/users\/1"}],"replies":[{"embeddable":true,"href":"https:\/\/agricultura.sp.gov.br\/desenvolvimentodosagronegocios\/wp-json\/wp\/v2\/comments?post=263"}],"version-history":[{"count":19,"href":"https:\/\/agricultura.sp.gov.br\/desenvolvimentodosagronegocios\/wp-json\/wp\/v2\/pages\/263\/revisions"}],"predecessor-version":[{"id":9667,"href":"https:\/\/agricultura.sp.gov.br\/desenvolvimentodosagronegocios\/wp-json\/wp\/v2\/pages\/263\/revisions\/9667"}],"wp:attachment":[{"href":"https:\/\/agricultura.sp.gov.br\/desenvolvimentodosagronegocios\/wp-json\/wp\/v2\/media?parent=263"}],"curies":[{"name":"wp","href":"https:\/\/api.w.org\/{rel}","templated":true}]}}