{"id":8844,"date":"2025-05-19T15:46:42","date_gmt":"2025-05-19T18:46:42","guid":{"rendered":"https:\/\/agricultura.sp.gov.br\/cati\/?page_id=8844"},"modified":"2025-05-19T15:48:12","modified_gmt":"2025-05-19T18:48:12","slug":"fazendinha","status":"publish","type":"page","link":"https:\/\/agricultura.sp.gov.br\/cati\/fazendinha\/","title":{"rendered":"Fazendinha Feliz"},"content":{"rendered":"\n<figure class=\"wp-block-image size-large is-resized\"><img loading=\"lazy\" decoding=\"async\" width=\"1024\" height=\"449\" src=\"https:\/\/storage.googleapis.com\/saa-repositorio\/prd\/saa-sites\/cati\/imagens\/image-1-1024x449.png\" alt=\"\" class=\"wp-image-8845\" style=\"width:449px;height:auto\"\/><\/figure>\n\n\n\n<h4 class=\"wp-block-heading\">D<strong>esde 2011<\/strong><\/h4>\n\n\n\n<h4 class=\"wp-block-heading\">EDUCA\u00c7\u00c3O AMBIENTAL E ALIMENTAR A SERVI\u00c7O DA VIDA<\/h4>\n\n\n\n<ul class=\"wp-block-list\">\n<li>Horta Educativa<\/li>\n\n\n\n<li>Melipon\u00e1rio Did\u00e1tico<\/li>\n\n\n\n<li>Parque das Abelhas<\/li>\n\n\n\n<li>Composteira<\/li>\n\n\n\n<li>Cole\u00e7\u00e3o de PANC<\/li>\n\n\n\n<li>Biblioteca<\/li>\n\n\n\n<li>Museu de Extens\u00e3o Rural da CATI<\/li>\n\n\n\n<li>Visitas, oficinas e palestras<\/li>\n<\/ul>\n\n\n\n<p>O projeto Fazendinha Feliz da CATI teve in\u00edcio em 2011 e, com o decorrer dos anos, foi incorporando atividades para diferentes faixas et\u00e1rias, incluindo estudantes das redes municipal e estadual de ensino, grupos do CRAS (Centro de Refer\u00eancia em Assist\u00eancia Social), de comunidades, universidades e outros.<\/p>\n\n\n\n<p>Entre as atividades desenvolvidas no local est\u00e3o preparo da terra e plantio de hortali\u00e7as com as crian\u00e7as e educadores; preparo de receitas saud\u00e1veis; oficinas de identifica\u00e7\u00e3o e preparo com plantas medicinais; recrea\u00e7\u00e3o educativa com crian\u00e7as; oficina sobre cria\u00e7\u00e3o de abelhas nativas sem ferr\u00e3o; visitas \u00e0s abelhas nativas sem ferr\u00e3o com direito \u00e0 retirada e degusta\u00e7\u00e3o de mel das pr\u00f3prias col\u00f4nias; pinturas com tintas feitas de terra; oficina de lanches saud\u00e1veis; realiza\u00e7\u00e3o da Feira Agroecol\u00f3gica, Educativa e Solid\u00e1ria, e outras.<\/p>\n\n\n\n<p><strong>\u00bb RESOLU\u00c7\u00c3O SECLIMAS N\u00ba 03\/2024 &#8211;&nbsp;20 de junho de 2024<\/strong><br>Art. 1\u00ba &#8211; Fica institu\u00eddo o&nbsp;<strong>&#8220;CENTRO DE EDUCA\u00c7\u00c3O AMBIENTAL FAZENDINHA FELIZ &#8211; CATI &#8220;<\/strong>&nbsp;como Centro de Educa\u00e7\u00e3o Ambiental, com sede na Avenida Brasil, n\u00ba 2340 &#8211; Jardim Chapad\u00e3o, Campinas &#8211; SP.<\/p>\n\n\n\n<p>Para agendar visitas, participar de encontros, capacita\u00e7\u00f5es e oficinas, basta entrar em contato com o Osmar Mosca Diz pelo&nbsp;<em>e-mail<\/em>&nbsp;<a href=\"mailto:osmar.diz@sp.gov.br\">osmar.diz@sp.gov.br<\/a>.<\/p>\n\n\n\n<figure class=\"wp-block-image\"><img decoding=\"async\" src=\"https:\/\/www.cati.sp.gov.br\/portal\/themes\/unify\/arquivos\/projetos-e-programas\/Fazendinha%20Feliz_fotos%20site_p1.png\" alt=\"\"\/><\/figure>\n\n\n\n<figure class=\"wp-block-image\"><img decoding=\"async\" src=\"https:\/\/www.cati.sp.gov.br\/portal\/themes\/unify\/arquivos\/projetos-e-programas\/Fazendinha%20Feliz_fotos%20site_p2.png\" alt=\"\"\/><\/figure>\n\n\n\n<figure class=\"wp-block-image\"><img decoding=\"async\" src=\"https:\/\/www.cati.sp.gov.br\/portal\/themes\/unify\/arquivos\/projetos-e-programas\/Fazendinha%20Feliz_fotos%20site_p3.png\" alt=\"\"\/><\/figure>\n\n\n\n<figure class=\"wp-block-image\"><img decoding=\"async\" src=\"https:\/\/www.cati.sp.gov.br\/portal\/themes\/unify\/arquivos\/projetos-e-programas\/Fazendinha%20Feliz_fotos%20site_p4.png\" alt=\"\"\/><\/figure>\n","protected":false},"excerpt":{"rendered":"<p>Desde 2011 EDUCA\u00c7\u00c3O AMBIENTAL E ALIMENTAR A SERVI\u00c7O DA VIDA O projeto Fazendinha Feliz da CATI teve in\u00edcio em 2011 e, com o decorrer dos anos, foi incorporando atividades para diferentes faixas et\u00e1rias, incluindo estudantes das redes municipal e estadual de ensino, grupos do CRAS (Centro de Refer\u00eancia em Assist\u00eancia Social), de comunidades, universidades e [&hellip;]<\/p>\n","protected":false},"author":1,"featured_media":0,"parent":0,"menu_order":0,"comment_status":"closed","ping_status":"closed","template":"","meta":{"_acf_changed":false,"footnotes":""},"class_list":["post-8844","page","type-page","status-publish","hentry"],"acf":[],"_links":{"self":[{"href":"https:\/\/agricultura.sp.gov.br\/cati\/wp-json\/wp\/v2\/pages\/8844","targetHints":{"allow":["GET"]}}],"collection":[{"href":"https:\/\/agricultura.sp.gov.br\/cati\/wp-json\/wp\/v2\/pages"}],"about":[{"href":"https:\/\/agricultura.sp.gov.br\/cati\/wp-json\/wp\/v2\/types\/page"}],"author":[{"embeddable":true,"href":"https:\/\/agricultura.sp.gov.br\/cati\/wp-json\/wp\/v2\/users\/1"}],"replies":[{"embeddable":true,"href":"https:\/\/agricultura.sp.gov.br\/cati\/wp-json\/wp\/v2\/comments?post=8844"}],"version-history":[{"count":3,"href":"https:\/\/agricultura.sp.gov.br\/cati\/wp-json\/wp\/v2\/pages\/8844\/revisions"}],"predecessor-version":[{"id":21712,"href":"https:\/\/agricultura.sp.gov.br\/cati\/wp-json\/wp\/v2\/pages\/8844\/revisions\/21712"}],"wp:attachment":[{"href":"https:\/\/agricultura.sp.gov.br\/cati\/wp-json\/wp\/v2\/media?parent=8844"}],"curies":[{"name":"wp","href":"https:\/\/api.w.org\/{rel}","templated":true}]}}