{"id":11089,"date":"2025-09-26T14:16:34","date_gmt":"2025-09-26T17:16:34","guid":{"rendered":"https:\/\/agricultura.sp.gov.br\/cati\/?page_id=11089"},"modified":"2025-09-26T14:20:18","modified_gmt":"2025-09-26T17:20:18","slug":"lupa-levantamento-censitario-das-unidades-de-producao-agropecuaria-do-estado-de-sao-paulo","status":"publish","type":"page","link":"https:\/\/agricultura.sp.gov.br\/cati\/lupa-levantamento-censitario-das-unidades-de-producao-agropecuaria-do-estado-de-sao-paulo\/","title":{"rendered":"LUPA &#8211; Levantamento Censit\u00e1rio das Unidades de Produ\u00e7\u00e3o Agropecu\u00e1ria do Estado de S\u00e3o Paulo"},"content":{"rendered":"\n<p>O <strong>Levantamento Censit\u00e1rio das Unidades de Produ\u00e7\u00e3o Agropecu\u00e1ria<\/strong> \u00e9 base de dados indispens\u00e1vel \u00e0 obten\u00e7\u00e3o de estat\u00edsticas agr\u00edcolas e informa\u00e7\u00f5es para fins de planejamento em todos os n\u00edveis da estrutura da CATI, da Secretaria da Agricultura e Abastecimento e outras inst\u00e2ncias da administra\u00e7\u00e3o p\u00fablica e \u00f3rg\u00e3os vinculados \u00e0 pesquisa no meio rural.<\/p>\n\n\n\n<p>\u00c9 \u00fatil aos interessados em conhecer o universo de dados referentes a \u00e1rea cultivada, popula\u00e7\u00e3o da zona rural, infra-estrutura e produ\u00e7\u00e3o agropecu\u00e1ria do Estado de S\u00e3o Paulo, al\u00e9m de fornecer informa\u00e7\u00f5es agrupadas por temas espec\u00edficos em n\u00edvel municipal como: tipo de culturas, tipo e n\u00famero de tratores, n\u00famero de empregados na propriedade, acesso a bens materiais (como computadores).<\/p>\n\n\n\n<p>O <strong>Banco de Dados do LUPA<\/strong>, administrado pela CATI, fornece informa\u00e7\u00f5es sobre mais de 300 mil propriedades rurais, e possibilita a gera\u00e7\u00e3o de mapas e gr\u00e1ficos com essas informa\u00e7\u00f5es. <\/p>\n\n\n\n<p>Esse cadastro permite oferecer o servi\u00e7o de mala direta, para envio de material promocional ou t\u00e9cnico diretamente para os produtores.<\/p>\n\n\n\n<p>Para acessar os dados do LUPA, acesse:\u00a0<a href=\"https:\/\/www.cati.sp.gov.br\/projetolupa\" target=\"_blank\" rel=\"noreferrer noopener\">www.cati.sp.gov.br\/projetolupa<\/a>.<\/p>\n\n\n\n<p><\/p>\n","protected":false},"excerpt":{"rendered":"<p>O Levantamento Censit\u00e1rio das Unidades de Produ\u00e7\u00e3o Agropecu\u00e1ria \u00e9 base de dados indispens\u00e1vel \u00e0 obten\u00e7\u00e3o de estat\u00edsticas agr\u00edcolas e informa\u00e7\u00f5es para fins de planejamento em todos os n\u00edveis da estrutura da CATI, da Secretaria da Agricultura e Abastecimento e outras inst\u00e2ncias da administra\u00e7\u00e3o p\u00fablica e \u00f3rg\u00e3os vinculados \u00e0 pesquisa no meio rural. \u00c9 \u00fatil aos [&hellip;]<\/p>\n","protected":false},"author":15,"featured_media":0,"parent":0,"menu_order":0,"comment_status":"closed","ping_status":"closed","template":"","meta":{"_acf_changed":false,"footnotes":""},"class_list":["post-11089","page","type-page","status-publish","hentry"],"acf":[],"_links":{"self":[{"href":"https:\/\/agricultura.sp.gov.br\/cati\/wp-json\/wp\/v2\/pages\/11089","targetHints":{"allow":["GET"]}}],"collection":[{"href":"https:\/\/agricultura.sp.gov.br\/cati\/wp-json\/wp\/v2\/pages"}],"about":[{"href":"https:\/\/agricultura.sp.gov.br\/cati\/wp-json\/wp\/v2\/types\/page"}],"author":[{"embeddable":true,"href":"https:\/\/agricultura.sp.gov.br\/cati\/wp-json\/wp\/v2\/users\/15"}],"replies":[{"embeddable":true,"href":"https:\/\/agricultura.sp.gov.br\/cati\/wp-json\/wp\/v2\/comments?post=11089"}],"version-history":[{"count":5,"href":"https:\/\/agricultura.sp.gov.br\/cati\/wp-json\/wp\/v2\/pages\/11089\/revisions"}],"predecessor-version":[{"id":11095,"href":"https:\/\/agricultura.sp.gov.br\/cati\/wp-json\/wp\/v2\/pages\/11089\/revisions\/11095"}],"wp:attachment":[{"href":"https:\/\/agricultura.sp.gov.br\/cati\/wp-json\/wp\/v2\/media?parent=11089"}],"curies":[{"name":"wp","href":"https:\/\/api.w.org\/{rel}","templated":true}]}}