{"id":10863,"date":"2025-09-25T11:36:44","date_gmt":"2025-09-25T14:36:44","guid":{"rendered":"https:\/\/agricultura.sp.gov.br\/cati\/?page_id=10863"},"modified":"2026-01-07T15:55:37","modified_gmt":"2026-01-07T18:55:37","slug":"dcaa-declaracao-de-conformidade-da-atividade-agropecuaria","status":"publish","type":"page","link":"https:\/\/agricultura.sp.gov.br\/cati\/dcaa-declaracao-de-conformidade-da-atividade-agropecuaria\/","title":{"rendered":"Declara\u00e7\u00e3o de Conformidade da Atividade Agropecu\u00e1ria (DCAA)"},"content":{"rendered":"\n<p>Para ajudar os produtores rurais do estado de S\u00e3o Paulo no processo de adequa\u00e7\u00e3o ambiental, algumas atividades agropecu\u00e1rias consideradas de baixo potencial poluidor podem ser dispensadas de licenciamento ambiental. Nesses casos, basta emitir a <strong>Declara\u00e7\u00e3o de Conformidade da Atividade Agropecu\u00e1ria (DCAA).<\/strong><\/p>\n\n\n\n<p>Segundo a Resolu\u00e7\u00e3o Conjunta SMA\/SAA\/SJDC n.\u00ba 01\/2011, est\u00e3o dispensadas de licen\u00e7a ambiental as seguintes atividades:<\/p>\n\n\n\n<ol class=\"wp-block-list\">\n<li>cultivo de lavouras (tempor\u00e1rias, semiperenes ou perenes);<\/li>\n\n\n\n<li>cria\u00e7\u00e3o de animais dom\u00e9sticos para fins econ\u00f4micos;<\/li>\n\n\n\n<li>apicultura (cria\u00e7\u00e3o de abelhas);<\/li>\n\n\n\n<li>reforma e limpeza de pastagens, desde que s\u00f3 envolva vegeta\u00e7\u00e3o em est\u00e1gio pioneiro de regenera\u00e7\u00e3o;<\/li>\n\n\n\n<li>projetos de irriga\u00e7\u00e3o;<\/li>\n\n\n\n<li>po\u00e7os rasos ou profundos, capta\u00e7\u00e3o de \u00e1gua, lan\u00e7amento superficial, barragens e travessias j\u00e1 existentes para uso agropecu\u00e1rio, desde que n\u00e3o impliquem desmatamento de vegeta\u00e7\u00e3o nativa;<\/li>\n\n\n\n<li>atividade aqu\u00edcola, conforme regras do Decreto n.\u00ba 62.243\/2016;<\/li>\n\n\n\n<li>cria\u00e7\u00e3o de gado de corte em confinamento com at\u00e9 5.000 animais;<\/li>\n\n\n\n<li>cria\u00e7\u00e3o de aves com at\u00e9 200.000 animais;<\/li>\n\n\n\n<li>cria\u00e7\u00e3o de su\u00ednos com at\u00e9 500 matrizes.<\/li>\n<\/ol>\n\n\n\n<p>Essas atividades est\u00e3o dispensadas de licen\u00e7a <strong>desde que:<\/strong><\/p>\n\n\n\n<ul class=\"wp-block-list\">\n<li>respeitem a legisla\u00e7\u00e3o sobre uso e conserva\u00e7\u00e3o do solo;<\/li>\n\n\n\n<li>respeitem a legisla\u00e7\u00e3o sobre agrot\u00f3xicos;<\/li>\n\n\n\n<li>adotem Boas Pr\u00e1ticas Agropecu\u00e1rias;<\/li>\n\n\n\n<li>n\u00e3o atinjam \u00c1reas de Preserva\u00e7\u00e3o Permanente nem desmatem vegeta\u00e7\u00e3o nativa;<\/li>\n\n\n\n<li>n\u00e3o ultrapassem 1.000 hectares (seja em amplia\u00e7\u00e3o ou em novos projetos);<\/li>\n\n\n\n<li>sigam a legisla\u00e7\u00e3o espec\u00edfica no caso da aquicultura, bovinocultura em confinamento, avicultura e suinocultura.<\/li>\n<\/ul>\n\n\n\n<p><strong>Aten\u00e7\u00e3o:<\/strong><\/p>\n\n\n\n<ul class=\"wp-block-list\">\n<li>se a \u00e1rea de amplia\u00e7\u00e3o ou novo empreendimento ultrapassar 1.000 hectares, o licenciamento deve ser feito junto \u00e0 <strong>CETESB.<\/strong><\/li>\n\n\n\n<li>existem algumas <strong>atividades em que a DCAA n\u00e3o se aplica<\/strong>, pois, desde que n\u00e3o impliquem supress\u00e3o de vegeta\u00e7\u00e3o nativa ou interven\u00e7\u00e3o em \u00e1reas de preserva\u00e7\u00e3o permanente, n\u00e3o dependem de licenciamento ambiental e n\u00e3o se caracterizam como projetos agr\u00edcolas ou atividades agropecu\u00e1rias. Elas est\u00e3o descritas na <strong><a href=\"https:\/\/storage.googleapis.com\/saa-repositorio\/prd\/saa-sites\/cati\/documentos\/Resolucao-SMA-74-de-27-12-2011-1.pdf\">Resolu\u00e7\u00e3o SMA-74\/2011<\/a><\/strong>, alterada pela <strong><a href=\"https:\/\/storage.googleapis.com\/saa-repositorio\/prd\/saa-sites\/cati\/documentos\/resolucao-sima-108-de-06.10.2021-processo-digital-sima.047143-2021-46-inexigibilidade-de-licenciamento-resolucao-sma-74-2011-outubro-2021.pdf\">Resolu\u00e7\u00e3o SIMA n.\u00b0 108\/2021<\/a><\/strong>.<\/li>\n\n\n\n<li>Outras atividades que n\u00e3o est\u00e3o na lista acima tamb\u00e9m precisam ser licenciadas pela CETESB.<\/li>\n<\/ul>\n\n\n\n<p><strong>Como solicitar a DCAA<\/strong><\/p>\n\n\n\n<p>Se cumprir todos os requisitos, o produtor deve procurar a\u00a0<strong>Casa da Agricultura<\/strong>\u00a0do munic\u00edpio onde fica a propriedade (ou a Regional respons\u00e1vel), levando os seguintes documentos:<\/p>\n\n\n\n<ul class=\"wp-block-list\">\n<li>CPF do declarante;<\/li>\n\n\n\n<li>CPF do propriet\u00e1rio (se for diferente do declarante);<\/li>\n\n\n\n<li>CNPJ Rural do produtor;<\/li>\n\n\n\n<li>contrato de arrendamento, comodato ou equivalente (se o declarante n\u00e3o for o dono);<\/li>\n\n\n\n<li>n\u00famero do\u00a0<strong>CAR<\/strong>\u00a0(Cadastro Ambiental Rural) da propriedade.<\/li>\n<\/ul>\n\n\n\n<p class=\"has-text-align-center has-background\" style=\"background-color:#f8f9fa\"><strong>ATEN\u00c7\u00c3O:\u00a0preencha o formul\u00e1rio de solicita\u00e7\u00e3o da DCAA antes de procurar a Casa da Agricultura.<\/strong><\/p>\n\n\n\n<p><\/p>\n\n\n\n<div style=\"height:17px\" aria-hidden=\"true\" class=\"wp-block-spacer\"><\/div>\n\n\n\n<div class=\"wp-block-buttons is-layout-flex wp-block-buttons-is-layout-flex\">\n<div class=\"wp-block-button has-custom-width wp-block-button__width-50\"><a class=\"wp-block-button__link wp-element-button\" href=\"https:\/\/www.cati.sp.gov.br\/portal\/produtos-e-servicos\/servicos\/requerimento-dcaa?at=dcaa\">FORMUL\u00c1RIO DCAA<\/a><\/div>\n\n\n\n<div class=\"wp-block-button has-custom-width wp-block-button__width-50\"><a class=\"wp-block-button__link wp-element-button\" href=\"https:\/\/agricultura.sp.gov.br\/cati\/legislacao-dcaa\/\">CONSULTE A LEGISLA\u00c7\u00c3O<\/a><\/div>\n<\/div>\n\n\n\n<div style=\"height:28px\" aria-hidden=\"true\" class=\"wp-block-spacer\"><\/div>\n\n\n\n<div style=\"height:24px\" aria-hidden=\"true\" class=\"wp-block-spacer\"><\/div>\n\n\n\n<p class=\"has-white-background-color has-background\"><\/p>\n\n\n\n<p><\/p>\n","protected":false},"excerpt":{"rendered":"<p>Para ajudar os produtores rurais do estado de S\u00e3o Paulo no processo de adequa\u00e7\u00e3o ambiental, algumas atividades agropecu\u00e1rias consideradas de baixo potencial poluidor podem ser dispensadas de licenciamento ambiental. Nesses casos, basta emitir a Declara\u00e7\u00e3o de Conformidade da Atividade Agropecu\u00e1ria (DCAA). Segundo a Resolu\u00e7\u00e3o Conjunta SMA\/SAA\/SJDC n.\u00ba 01\/2011, est\u00e3o dispensadas de licen\u00e7a ambiental as seguintes [&hellip;]<\/p>\n","protected":false},"author":15,"featured_media":0,"parent":0,"menu_order":0,"comment_status":"closed","ping_status":"closed","template":"","meta":{"_acf_changed":false,"footnotes":""},"class_list":["post-10863","page","type-page","status-publish","hentry"],"acf":[],"_links":{"self":[{"href":"https:\/\/agricultura.sp.gov.br\/cati\/wp-json\/wp\/v2\/pages\/10863","targetHints":{"allow":["GET"]}}],"collection":[{"href":"https:\/\/agricultura.sp.gov.br\/cati\/wp-json\/wp\/v2\/pages"}],"about":[{"href":"https:\/\/agricultura.sp.gov.br\/cati\/wp-json\/wp\/v2\/types\/page"}],"author":[{"embeddable":true,"href":"https:\/\/agricultura.sp.gov.br\/cati\/wp-json\/wp\/v2\/users\/15"}],"replies":[{"embeddable":true,"href":"https:\/\/agricultura.sp.gov.br\/cati\/wp-json\/wp\/v2\/comments?post=10863"}],"version-history":[{"count":21,"href":"https:\/\/agricultura.sp.gov.br\/cati\/wp-json\/wp\/v2\/pages\/10863\/revisions"}],"predecessor-version":[{"id":22428,"href":"https:\/\/agricultura.sp.gov.br\/cati\/wp-json\/wp\/v2\/pages\/10863\/revisions\/22428"}],"wp:attachment":[{"href":"https:\/\/agricultura.sp.gov.br\/cati\/wp-json\/wp\/v2\/media?parent=10863"}],"curies":[{"name":"wp","href":"https:\/\/api.w.org\/{rel}","templated":true}]}}