{"id":9207,"date":"2025-07-24T09:58:32","date_gmt":"2025-07-24T12:58:32","guid":{"rendered":"https:\/\/agricultura.sp.gov.br\/apta-regional\/?page_id=9207"},"modified":"2025-08-01T15:59:13","modified_gmt":"2025-08-01T18:59:13","slug":"cavalos-de-combate-bh-apta-regional-de-colina","status":"publish","type":"page","link":"https:\/\/agricultura.sp.gov.br\/apta-regional\/cavalos-de-combate-bh-apta-regional-de-colina\/","title":{"rendered":"Cavalos de combate BH \u2013 Apta Regional de Colina"},"content":{"rendered":"\n<figure class=\"wp-block-image size-full is-resized\"><img loading=\"lazy\" decoding=\"async\" width=\"1024\" height=\"256\" src=\"https:\/\/storage.googleapis.com\/saa-repositorio\/prd\/saa-sites\/apta-regional\/imagens\/Cavalos-de-combate-BH-\u2013-Apta-Regional-de-Colina.png\" alt=\"\" class=\"wp-image-9387\" style=\"object-fit:cover;width:1300px;height:300px\"\/><\/figure>\n\n\n\n<hr class=\"wp-block-separator has-text-color has-white-color has-alpha-channel-opacity has-white-background-color has-background is-style-dots\"\/>\n\n\n\n<p>O projeto consiste numa parceria entre pesquisa agropecu\u00e1ria e seguran\u00e7a p\u00fablica&nbsp; que traz benef\u00edcios diretos para a sociedade com a redu\u00e7\u00e3o das taxas de criminalidade e est\u00edmulo ao desenvolvimento neuropsicomotor de portadores de defici\u00eancia. H\u00e1 mais de 40 anos, a Secretaria de Agricultura e Abastecimento do Estado de S\u00e3o Paulo, por meio da APTA Regional de Colina da&nbsp; Ag\u00eancia Paulista de Tecnologia dos Agroneg\u00f3cios (APTA), disponibiliza anualmente, de 25&nbsp; a 30 cavalos da ra\u00e7a Brasileiro de Hipismo (BH) usados pelo Regimento da Cavalaria 9 de Julho, ligada \u00e0 Secretaria de Seguran\u00e7a P\u00fablica estadual. Os cavalos s\u00e3o utilizados em a\u00e7\u00f5es da Pol\u00edcia, na \u00e1rea de monitoramento e conten\u00e7\u00e3o de aglomera\u00e7\u00f5es, al\u00e9m de atividades de equoterapia, oferecidas em sete munic\u00edpios paulistas, e competi\u00e7\u00f5es esportivas.<\/p>\n\n\n\n<p>A Unidade&nbsp;desenvolve pesquisas cient\u00edficas com cavalos h\u00e1 90 anos em Colina, interior paulista, considerada a \u201ccapital nacional dos cavalos\u201d. Os trabalhos envolvem reprodu\u00e7\u00e3o, sanidade, sistema de cria\u00e7\u00e3o e nutri\u00e7\u00e3o de equinos. A APTA Regional contribuiu para o desenvolvimento da ra\u00e7a Brasileiro de Hipismo (BH). De acordo com dados da Cavalaria (Regimento 9 de julho),&nbsp; 70 % dos&nbsp; cavalos da corpora\u00e7\u00e3o s\u00e3o oriundos da APTA Regional. Esses animais ajudaram a reduzir a taxa de criminalidade no Estado de S\u00e3o Paulo, devido aos seus trabalhos junto \u00e0 Pol\u00edcia Militar Montada.<\/p>\n\n\n\n<p>Segundo informa\u00e7\u00f5es do Regimento de Cavalaria 9 de Julho, os animais disponibilizados pela APTA possuem porte alto, for\u00e7a, docilidade e coragem, cujas caracter\u00edsticas s\u00e3o fundamentais para o trabalho desenvolvido pelo Regimento. A altura ajuda a conquistar o respeito da popula\u00e7\u00e3o e a evitar que ocorram conflitos. A for\u00e7a permite que eles consigam trabalhar mais de seis horas por dia. A docilidade e a coragem s\u00e3o outras caracter\u00edsticas importantes, pois possibilitam que os animais mantenham a calma, mas estejam prontos a receber os comandos\u201d.<\/p>\n\n\n\n<p>Essas caracter\u00edsticas pr\u00f3prias do trabalho de policiamento s\u00e3o alcan\u00e7adas por meio de trabalho conjunto da APTA e da Pol\u00edcia Militar, que disponibiliza dados de rendimento e caracter\u00edstica dos animais para a realiza\u00e7\u00e3o dos cruzamentos futuros. Desta forma, consegue-se focar o cruzamento dos animais para as atividades de policiamento, possibilitando estabelecer um programa de melhoramento gen\u00e9tico de cavalos para este fim.<\/p>\n\n\n\n<p>Praticamente 100% dos cavalos disponibilizados pela APTA s\u00e3o considerados como adequados pela Pol\u00edcia, ou seja, n\u00e3o h\u00e1 rejei\u00e7\u00e3o desses animais.<\/p>\n\n\n\n<p>Ap\u00f3s o nascimento e desmame dos animais, a APTA realiza um trabalho relacionado ao comportamento \u2013 foco de pesquisas cient\u00edficas da Ag\u00eancia \u2013 obtendo informa\u00e7\u00f5es sobre o temperamento, posteriormente utilizadas na escolha de matrizes e reprodutores, e adotando t\u00e9cnicas de manejo que estimulam a docilidade desses potros desde cedo.<\/p>\n\n\n\n<p>Quando chegam na Cavalaria 9 de Julho, na capital paulista, os cavalos recebem treinamento dos policiais por, aproximadamente, seis meses, at\u00e9 estarem prontos para iniciar os trabalhos nas ruas de todo o Estado de S\u00e3o Paulo. Os animais atuam nesse trabalho at\u00e9 atingirem, em m\u00e9dia, 20 anos.<\/p>\n\n\n\n<p>Depois disso, s\u00e3o aposentados e podem ser doados para os policiais que atuam junto a eles, desde que mantidas regras relacionadas a n\u00e3o utiliza\u00e7\u00e3o deles em trabalhos na propriedade rural e seguidas as recomenda\u00e7\u00f5es de instala\u00e7\u00e3o para seus cuidados.<\/p>\n\n\n\n<p class=\"has-text-align-center has-background\" style=\"background-color:#f8f9fa\"><strong>Como se d\u00e1 a Transfer\u00eancia de Tecnologia<\/strong><\/p>\n\n\n\n<p>Anualmente os animais da Ra\u00e7a BH s\u00e3o transferidos da URPD-Colina para o Regimento de Cavalaria 09 de Julho onde s\u00e3o treinados para desempenharem as atividades de policiamento montado na Capital e interior<\/p>\n\n\n\n<hr class=\"wp-block-separator has-alpha-channel-opacity is-style-dots\"\/>\n\n\n\n<p><strong>Nome do Coordenador<\/strong>: Fernando Bergantini Miguel<br><strong>Equipe<\/strong>: Fl\u00e1vio Dutra de Resende; Anita Shimideck<br><strong>Parceiros<\/strong>: Regimento de cavalaria 09 de Julho \u2013 Secretaria de Seguran\u00e7a P\u00fablica do Estado de S\u00e3o Paulo<\/p>\n\n\n\n<h2 class=\"wp-block-heading has-text-color has-link-color wp-elements-4c3cb6d33f32e11a9f7a04fa3f59cbc9\" style=\"color:#c00e0d\"><strong>Contato<\/strong><\/h2>\n\n\n\n<p>Fernando Bergantini Miguel<br>Fone: (17) 99619-1312<\/p>\n\n\n\n<div class=\"wp-block-buttons is-layout-flex wp-block-buttons-is-layout-flex\">\n<div class=\"wp-block-button has-custom-width wp-block-button__width-100\"><a class=\"wp-block-button__link has-background wp-element-button\" style=\"background-color:#c00e0d\"><strong>E-mail de contato do Fernando<\/strong><\/a><\/div>\n<\/div>\n\n\n\n<p><\/p>\n","protected":false},"excerpt":{"rendered":"<p>O projeto consiste numa parceria entre pesquisa agropecu\u00e1ria e seguran\u00e7a p\u00fablica&nbsp; que traz benef\u00edcios diretos para a sociedade com a redu\u00e7\u00e3o das taxas de criminalidade e est\u00edmulo ao desenvolvimento neuropsicomotor de portadores de defici\u00eancia. H\u00e1 mais de 40 anos, a Secretaria de Agricultura e Abastecimento do Estado de S\u00e3o Paulo, por meio da APTA Regional [&hellip;]<\/p>\n","protected":false},"author":16,"featured_media":0,"parent":0,"menu_order":0,"comment_status":"closed","ping_status":"closed","template":"","meta":{"_acf_changed":false,"footnotes":""},"class_list":["post-9207","page","type-page","status-publish","hentry"],"acf":[],"_links":{"self":[{"href":"https:\/\/agricultura.sp.gov.br\/apta-regional\/wp-json\/wp\/v2\/pages\/9207","targetHints":{"allow":["GET"]}}],"collection":[{"href":"https:\/\/agricultura.sp.gov.br\/apta-regional\/wp-json\/wp\/v2\/pages"}],"about":[{"href":"https:\/\/agricultura.sp.gov.br\/apta-regional\/wp-json\/wp\/v2\/types\/page"}],"author":[{"embeddable":true,"href":"https:\/\/agricultura.sp.gov.br\/apta-regional\/wp-json\/wp\/v2\/users\/16"}],"replies":[{"embeddable":true,"href":"https:\/\/agricultura.sp.gov.br\/apta-regional\/wp-json\/wp\/v2\/comments?post=9207"}],"version-history":[{"count":4,"href":"https:\/\/agricultura.sp.gov.br\/apta-regional\/wp-json\/wp\/v2\/pages\/9207\/revisions"}],"predecessor-version":[{"id":9389,"href":"https:\/\/agricultura.sp.gov.br\/apta-regional\/wp-json\/wp\/v2\/pages\/9207\/revisions\/9389"}],"wp:attachment":[{"href":"https:\/\/agricultura.sp.gov.br\/apta-regional\/wp-json\/wp\/v2\/media?parent=9207"}],"curies":[{"name":"wp","href":"https:\/\/api.w.org\/{rel}","templated":true}]}}